[INFO] fetching crate rucene 0.1.1...
[INFO] checking rucene-0.1.1 against master#af3c6e733a40e671550e0f0f5aeecaa13772ba56 for pr-74989
[INFO] extracting crate rucene 0.1.1 into /workspace/builds/worker-14/source
[INFO] validating manifest of crates.io crate rucene 0.1.1 on toolchain af3c6e733a40e671550e0f0f5aeecaa13772ba56
[INFO] running `Command { std: "/workspace/cargo-home/bin/cargo" "+af3c6e733a40e671550e0f0f5aeecaa13772ba56" "read-manifest" "--manifest-path" "Cargo.toml", kill_on_drop: false }`
[INFO] started tweaking crates.io crate rucene 0.1.1
[INFO] finished tweaking crates.io crate rucene 0.1.1
[INFO] tweaked toml for crates.io crate rucene 0.1.1 written to /workspace/builds/worker-14/source/Cargo.toml
[INFO] crate crates.io crate rucene 0.1.1 already has a lockfile, it will not be regenerated
[INFO] running `Command { std: "/workspace/cargo-home/bin/cargo" "+af3c6e733a40e671550e0f0f5aeecaa13772ba56" "fetch" "--locked" "--manifest-path" "Cargo.toml", kill_on_drop: false }`
[INFO] running `Command { std: "docker" "create" "-v" "/var/lib/crater-agent-workspace/builds/worker-14/target:/opt/rustwide/target:rw,Z" "-v" "/var/lib/crater-agent-workspace/builds/worker-14/source:/opt/rustwide/workdir:ro,Z" "-v" "/var/lib/crater-agent-workspace/cargo-home:/opt/rustwide/cargo-home:ro,Z" "-v" "/var/lib/crater-agent-workspace/rustup-home:/opt/rustwide/rustup-home:ro,Z" "-e" "SOURCE_DIR=/opt/rustwide/workdir" "-e" "CARGO_TARGET_DIR=/opt/rustwide/target" "-e" "CARGO_HOME=/opt/rustwide/cargo-home" "-e" "RUSTUP_HOME=/opt/rustwide/rustup-home" "-w" "/opt/rustwide/workdir" "-m" "1610612736" "--user" "0:0" "--network" "none" "rustops/crates-build-env@sha256:d92eaeed33fa75130ca1ee6c8a01d1ffb62bac859dfdfb3450e3e5d1c0146529" "/opt/rustwide/cargo-home/bin/cargo" "+af3c6e733a40e671550e0f0f5aeecaa13772ba56" "metadata" "--no-deps" "--format-version=1", kill_on_drop: false }`
[INFO] [stdout] 8a2d217664d83deb26bc4e28542b02b157972235805376f2e32929059b69486e
[INFO] [stderr] WARNING: Your kernel does not support swap limit capabilities or the cgroup is not mounted. Memory limited without swap.
[INFO] running `Command { std: "docker" "start" "-a" "8a2d217664d83deb26bc4e28542b02b157972235805376f2e32929059b69486e", kill_on_drop: false }`
[INFO] running `Command { std: "docker" "inspect" "8a2d217664d83deb26bc4e28542b02b157972235805376f2e32929059b69486e", kill_on_drop: false }`
[INFO] running `Command { std: "docker" "rm" "-f" "8a2d217664d83deb26bc4e28542b02b157972235805376f2e32929059b69486e", kill_on_drop: false }`
[INFO] [stdout] 8a2d217664d83deb26bc4e28542b02b157972235805376f2e32929059b69486e
[INFO] running `Command { std: "docker" "create" "-v" "/var/lib/crater-agent-workspace/builds/worker-14/target:/opt/rustwide/target:rw,Z" "-v" "/var/lib/crater-agent-workspace/builds/worker-14/source:/opt/rustwide/workdir:ro,Z" "-v" "/var/lib/crater-agent-workspace/cargo-home:/opt/rustwide/cargo-home:ro,Z" "-v" "/var/lib/crater-agent-workspace/rustup-home:/opt/rustwide/rustup-home:ro,Z" "-e" "SOURCE_DIR=/opt/rustwide/workdir" "-e" "CARGO_TARGET_DIR=/opt/rustwide/target" "-e" "CARGO_INCREMENTAL=0" "-e" "RUST_BACKTRACE=full" "-e" "RUSTFLAGS=--cap-lints=forbid" "-e" "CARGO_HOME=/opt/rustwide/cargo-home" "-e" "RUSTUP_HOME=/opt/rustwide/rustup-home" "-w" "/opt/rustwide/workdir" "-m" "1610612736" "--user" "0:0" "--network" "none" "rustops/crates-build-env@sha256:d92eaeed33fa75130ca1ee6c8a01d1ffb62bac859dfdfb3450e3e5d1c0146529" "/opt/rustwide/cargo-home/bin/cargo" "+af3c6e733a40e671550e0f0f5aeecaa13772ba56" "check" "--frozen" "--all" "--all-targets" "--message-format=json", kill_on_drop: false }`
[INFO] [stdout] 091b44f38499d7b0b357480557824fee6c9e87696ae86bf5487c9d878f04e5ea
[INFO] [stderr] WARNING: Your kernel does not support swap limit capabilities or the cgroup is not mounted. Memory limited without swap.
[INFO] running `Command { std: "docker" "start" "-a" "091b44f38499d7b0b357480557824fee6c9e87696ae86bf5487c9d878f04e5ea", kill_on_drop: false }`
[INFO] [stderr]     Checking cfg-if v0.1.10
[INFO] [stderr]    Compiling semver-parser v0.7.0
[INFO] [stderr]     Checking lazy_static v1.4.0
[INFO] [stderr]    Compiling proc-macro2 v1.0.6
[INFO] [stderr]    Compiling cc v1.0.48
[INFO] [stderr]    Compiling getrandom v0.1.13
[INFO] [stderr]    Compiling byteorder v1.3.2
[INFO] [stderr]    Compiling build_const v0.2.1
[INFO] [stderr]    Compiling ryu v1.0.2
[INFO] [stderr]     Checking scopeguard v1.0.0
[INFO] [stderr]    Compiling syn v1.0.11
[INFO] [stderr]    Compiling serde v1.0.103
[INFO] [stderr]    Compiling crc32fast v1.2.0
[INFO] [stderr]    Compiling log v0.4.8
[INFO] [stderr]    Compiling fasthash v0.3.2
[INFO] [stderr]     Checking ucd-util v0.1.5
[INFO] [stderr]     Checking adler32 v1.0.4
[INFO] [stderr]     Checking bit-vec v0.4.4
[INFO] [stderr]     Checking seahash v3.0.6
[INFO] [stderr]     Checking unicode-segmentation v1.6.0
[INFO] [stderr]     Checking lazy_static v0.2.11
[INFO] [stderr]     Checking either v1.5.3
[INFO] [stderr]    Compiling crossbeam-utils v0.7.0
[INFO] [stderr]    Compiling crossbeam-epoch v0.8.0
[INFO] [stderr]    Compiling fasthash-sys v0.3.2
[INFO] [stderr]    Compiling num-traits v0.2.10
[INFO] [stderr]    Compiling error-chain v0.12.1
[INFO] [stderr]     Checking thread_local v0.3.6
[INFO] [stderr]     Checking regex-syntax v0.5.6
[INFO] [stderr]     Checking miniz_oxide v0.3.5
[INFO] [stderr]    Compiling semver v0.9.0
[INFO] [stderr]    Compiling crc v1.8.1
[INFO] [stderr]     Checking bit-set v0.4.0
[INFO] [stderr]     Checking rand v0.4.6
[INFO] [stderr]     Checking iovec v0.1.4
[INFO] [stderr]     Checking memmap v0.6.2
[INFO] [stderr]     Checking num_cpus v1.11.1
[INFO] [stderr]     Checking rand v0.5.6
[INFO] [stderr]     Checking aho-corasick v0.6.10
[INFO] [stderr]     Checking smallvec v0.6.13
[INFO] [stderr]     Checking unicode_reader v0.1.1
[INFO] [stderr]    Compiling rustc_version v0.2.3
[INFO] [stderr]     Checking rand_core v0.5.1
[INFO] [stderr]     Checking flate2 v1.0.13
[INFO] [stderr]     Checking bytes v0.4.12
[INFO] [stderr]     Checking rand v0.3.23
[INFO] [stderr]     Checking xoroshiro128 v0.3.0
[INFO] [stderr]     Checking crossbeam-queue v0.2.0
[INFO] [stderr]     Checking crossbeam-channel v0.4.0
[INFO] [stderr]     Checking chan v0.1.23
[INFO] [stderr]     Checking rand_chacha v0.2.1
[INFO] [stderr]    Compiling memoffset v0.5.3
[INFO] [stderr]    Compiling quote v1.0.2
[INFO] [stderr]     Checking rand v0.7.2
[INFO] [stderr]    Compiling backtrace-sys v0.1.32
[INFO] [stderr]     Checking chan-signal v0.3.3
[INFO] [stderr]     Checking crossbeam-deque v0.7.2
[INFO] [stderr]     Checking crossbeam v0.7.3
[INFO] [stderr]     Checking backtrace v0.3.40
[INFO] [stderr]     Checking regex v0.2.11
[INFO] [stderr]     Checking tempfile v3.1.0
[INFO] [stderr]     Checking serde_json v1.0.44
[INFO] [stderr]    Compiling serde_derive v1.0.103
[INFO] [stderr]     Checking rucene v0.1.1 (/opt/rustwide/workdir)
[INFO] [stdout] warning: unknown lint: `cyclomatic_complexity`
[INFO] [stdout]    --> src/core/codec/term_vectors/term_vectors_reader.rs:419:13
[INFO] [stdout]     |
[INFO] [stdout] 419 |     #[allow(cyclomatic_complexity)]
[INFO] [stdout]     |             ^^^^^^^^^^^^^^^^^^^^^
[INFO] [stdout]     |
[INFO] [stdout]     = note: `#[warn(unknown_lints)]` on by default
[INFO] [stdout] 
[INFO] [stdout] 
[INFO] [stdout] warning: unknown lint: `cyclomatic_complexity`
[INFO] [stdout]    --> src/core/codec/term_vectors/term_vectors_reader.rs:419:13
[INFO] [stdout]     |
[INFO] [stdout] 419 |     #[allow(cyclomatic_complexity)]
[INFO] [stdout]     |             ^^^^^^^^^^^^^^^^^^^^^
[INFO] [stdout]     |
[INFO] [stdout]     = note: `#[warn(unknown_lints)]` on by default
[INFO] [stdout] 
[INFO] [stdout] 
[INFO] [stdout] warning: the feature `specialization` is incomplete and may not be safe to use and/or cause compiler crashes
[INFO] [stdout]   --> src/lib.rs:23:12
[INFO] [stdout]    |
[INFO] [stdout] 23 | #![feature(specialization)]
[INFO] [stdout]    |            ^^^^^^^^^^^^^^
[INFO] [stdout]    |
[INFO] [stdout]    = note: `#[warn(incomplete_features)]` on by default
[INFO] [stdout]    = note: see issue #31844 <https://github.com/rust-lang/rust/issues/31844> for more information
[INFO] [stdout] 
[INFO] [stdout] 
[INFO] [stdout] warning: unnecessary parentheses around type
[INFO] [stdout]    --> src/core/search/cache/query_cache.rs:776:55
[INFO] [stdout]     |
[INFO] [stdout] 776 |     fn first_doc_from_next_block(&mut self) -> Result<(DocId)> {
[INFO] [stdout]     |                                                       ^^^^^^^ help: remove these parentheses
[INFO] [stdout]     |
[INFO] [stdout]     = note: `#[warn(unused_parens)]` on by default
[INFO] [stdout] 
[INFO] [stdout] 
[INFO] [stdout] warning: unnecessary parentheses around type
[INFO] [stdout]    --> src/core/search/query/spans/span.rs:525:47
[INFO] [stdout]     |
[INFO] [stdout] 525 |     fn score_current_doc(&mut self) -> Result<(f32)> {
[INFO] [stdout]     |                                               ^^^^^ help: remove these parentheses
[INFO] [stdout] 
[INFO] [stdout] 
[INFO] [stdout] warning: unnecessary parentheses around type
[INFO] [stdout]    --> src/core/util/bkd/bkd_writer.rs:265:60
[INFO] [stdout]     |
[INFO] [stdout] 265 |         let scratch_out = (&mut bkd_writer.scratch_out) as (*mut GrowableByteArrayDataOutput);
[INFO] [stdout]     |                                                            ^^^^^^^^^^^^^^^^^^^^^^^^^^^^^^^^^^ help: remove these parentheses
[INFO] [stdout] 
[INFO] [stdout] 
[INFO] [stdout] warning: unnecessary parentheses around type
[INFO] [stdout]    --> src/core/util/bkd/bkd_writer.rs:618:64
[INFO] [stdout]     |
[INFO] [stdout] 618 |         let min_packed_value = (&mut self.min_packed_value) as (*mut Vec<u8>);
[INFO] [stdout]     |                                                                ^^^^^^^^^^^^^^ help: remove these parentheses
[INFO] [stdout] 
[INFO] [stdout] 
[INFO] [stdout] warning: unnecessary parentheses around type
[INFO] [stdout]    --> src/core/util/bkd/bkd_writer.rs:619:64
[INFO] [stdout]     |
[INFO] [stdout] 619 |         let max_packed_value = (&mut self.max_packed_value) as (*mut Vec<u8>);
[INFO] [stdout]     |                                                                ^^^^^^^^^^^^^^ help: remove these parentheses
[INFO] [stdout] 
[INFO] [stdout] 
[INFO] [stdout] warning: unnecessary parentheses around type
[INFO] [stdout]    --> src/core/util/bkd/bkd_writer.rs:775:59
[INFO] [stdout]     |
[INFO] [stdout] 775 |         let one_dim_writer_ptr = (&mut one_dim_writer) as (*mut OneDimensionBKDWriter<D, O>);
[INFO] [stdout]     |                                                           ^^^^^^^^^^^^^^^^^^^^^^^^^^^^^^^^^^ help: remove these parentheses
[INFO] [stdout] 
[INFO] [stdout] 
[INFO] [stdout] warning: unnecessary parentheses around type
[INFO] [stdout]     --> src/core/util/bkd/bkd_writer.rs:1456:52
[INFO] [stdout]      |
[INFO] [stdout] 1456 |             let scratch1 = (&mut self.scratch1) as (*mut Vec<u8>);
[INFO] [stdout]      |                                                    ^^^^^^^^^^^^^^ help: remove these parentheses
[INFO] [stdout] 
[INFO] [stdout] 
[INFO] [stdout] warning: unnecessary parentheses around type
[INFO] [stdout]     --> src/core/util/bkd/bkd_writer.rs:1494:68
[INFO] [stdout]      |
[INFO] [stdout] 1494 |                 let min_packed_value = (&self.min_packed_value) as (*const Vec<u8>);
[INFO] [stdout]      |                                                                    ^^^^^^^^^^^^^^^^ help: remove these parentheses
[INFO] [stdout] 
[INFO] [stdout] 
[INFO] [stdout] warning: unnecessary parentheses around type
[INFO] [stdout]     --> src/core/util/bkd/bkd_writer.rs:1495:68
[INFO] [stdout]      |
[INFO] [stdout] 1495 |                 let max_packed_value = (&self.max_packed_value) as (*const Vec<u8>);
[INFO] [stdout]      |                                                                    ^^^^^^^^^^^^^^^^ help: remove these parentheses
[INFO] [stdout] 
[INFO] [stdout] 
[INFO] [stdout] warning: unnecessary parentheses around type
[INFO] [stdout]     --> src/core/util/bkd/bkd_writer.rs:1505:50
[INFO] [stdout]      |
[INFO] [stdout] 1505 |             let source = (&slices[split_dim]) as (*const PathSlice<PointWriterEnum<D>>);
[INFO] [stdout]      |                                                  ^^^^^^^^^^^^^^^^^^^^^^^^^^^^^^^^^^^^^^ help: remove these parentheses
[INFO] [stdout] 
[INFO] [stdout] 
[INFO] [stdout] warning: unnecessary parentheses around block return value
[INFO] [stdout]    --> src/core/util/bkd/offline_point.rs:147:9
[INFO] [stdout]     |
[INFO] [stdout] 147 |         (i1p1 << 24 | i1p2 << 16 | i1p3 << 8 | i1p4)
[INFO] [stdout]     |         ^^^^^^^^^^^^^^^^^^^^^^^^^^^^^^^^^^^^^^^^^^^^ help: remove these parentheses
[INFO] [stdout] 
[INFO] [stdout] 
[INFO] [stdout] warning: unnecessary parentheses around type
[INFO] [stdout]    --> src/core/util/fst/fst_builder.rs:629:85
[INFO] [stdout]     |
[INFO] [stdout] 629 |     pub fn add(&mut self, builder: &mut FstBuilder<F>, node_index: usize) -> Result<(u64)> {
[INFO] [stdout]     |                                                                                     ^^^^^ help: remove these parentheses
[INFO] [stdout] 
[INFO] [stdout] 
[INFO] [stdout] warning: unnecessary parentheses around block return value
[INFO] [stdout]   --> src/core/util/bit_util.rs:35:9
[INFO] [stdout]    |
[INFO] [stdout] 35 |         ((*self as u64 >> 1) as i64 ^ -(self & 1))
[INFO] [stdout]    |         ^^^^^^^^^^^^^^^^^^^^^^^^^^^^^^^^^^^^^^^^^^ help: remove these parentheses
[INFO] [stdout] 
[INFO] [stdout] 
[INFO] [stdout] warning: the feature `specialization` is incomplete and may not be safe to use and/or cause compiler crashes
[INFO] [stdout]   --> src/lib.rs:23:12
[INFO] [stdout]    |
[INFO] [stdout] 23 | #![feature(specialization)]
[INFO] [stdout]    |            ^^^^^^^^^^^^^^
[INFO] [stdout]    |
[INFO] [stdout]    = note: `#[warn(incomplete_features)]` on by default
[INFO] [stdout]    = note: see issue #31844 <https://github.com/rust-lang/rust/issues/31844> for more information
[INFO] [stdout] 
[INFO] [stdout] 
[INFO] [stdout] warning: unnecessary parentheses around type
[INFO] [stdout]    --> src/core/search/cache/query_cache.rs:776:55
[INFO] [stdout]     |
[INFO] [stdout] 776 |     fn first_doc_from_next_block(&mut self) -> Result<(DocId)> {
[INFO] [stdout]     |                                                       ^^^^^^^ help: remove these parentheses
[INFO] [stdout]     |
[INFO] [stdout]     = note: `#[warn(unused_parens)]` on by default
[INFO] [stdout] 
[INFO] [stdout] 
[INFO] [stdout] warning: unnecessary parentheses around type
[INFO] [stdout]    --> src/core/search/query/spans/span.rs:525:47
[INFO] [stdout]     |
[INFO] [stdout] 525 |     fn score_current_doc(&mut self) -> Result<(f32)> {
[INFO] [stdout]     |                                               ^^^^^ help: remove these parentheses
[INFO] [stdout] 
[INFO] [stdout] 
[INFO] [stdout] warning: unnecessary parentheses around type
[INFO] [stdout]    --> src/core/util/bkd/bkd_writer.rs:265:60
[INFO] [stdout]     |
[INFO] [stdout] 265 |         let scratch_out = (&mut bkd_writer.scratch_out) as (*mut GrowableByteArrayDataOutput);
[INFO] [stdout]     |                                                            ^^^^^^^^^^^^^^^^^^^^^^^^^^^^^^^^^^ help: remove these parentheses
[INFO] [stdout] 
[INFO] [stdout] 
[INFO] [stdout] warning: unnecessary parentheses around type
[INFO] [stdout]    --> src/core/util/bkd/bkd_writer.rs:618:64
[INFO] [stdout]     |
[INFO] [stdout] 618 |         let min_packed_value = (&mut self.min_packed_value) as (*mut Vec<u8>);
[INFO] [stdout]     |                                                                ^^^^^^^^^^^^^^ help: remove these parentheses
[INFO] [stdout] 
[INFO] [stdout] 
[INFO] [stdout] warning: unnecessary parentheses around type
[INFO] [stdout]    --> src/core/util/bkd/bkd_writer.rs:619:64
[INFO] [stdout]     |
[INFO] [stdout] 619 |         let max_packed_value = (&mut self.max_packed_value) as (*mut Vec<u8>);
[INFO] [stdout]     |                                                                ^^^^^^^^^^^^^^ help: remove these parentheses
[INFO] [stdout] 
[INFO] [stdout] 
[INFO] [stdout] warning: unnecessary parentheses around type
[INFO] [stdout]    --> src/core/util/bkd/bkd_writer.rs:775:59
[INFO] [stdout]     |
[INFO] [stdout] 775 |         let one_dim_writer_ptr = (&mut one_dim_writer) as (*mut OneDimensionBKDWriter<D, O>);
[INFO] [stdout]     |                                                           ^^^^^^^^^^^^^^^^^^^^^^^^^^^^^^^^^^ help: remove these parentheses
[INFO] [stdout] 
[INFO] [stdout] 
[INFO] [stdout] warning: unnecessary parentheses around type
[INFO] [stdout]     --> src/core/util/bkd/bkd_writer.rs:1456:52
[INFO] [stdout]      |
[INFO] [stdout] 1456 |             let scratch1 = (&mut self.scratch1) as (*mut Vec<u8>);
[INFO] [stdout]      |                                                    ^^^^^^^^^^^^^^ help: remove these parentheses
[INFO] [stdout] 
[INFO] [stdout] 
[INFO] [stdout] warning: unnecessary parentheses around type
[INFO] [stdout]     --> src/core/util/bkd/bkd_writer.rs:1494:68
[INFO] [stdout]      |
[INFO] [stdout] 1494 |                 let min_packed_value = (&self.min_packed_value) as (*const Vec<u8>);
[INFO] [stdout]      |                                                                    ^^^^^^^^^^^^^^^^ help: remove these parentheses
[INFO] [stdout] 
[INFO] [stdout] 
[INFO] [stdout] warning: unnecessary parentheses around type
[INFO] [stdout]     --> src/core/util/bkd/bkd_writer.rs:1495:68
[INFO] [stdout]      |
[INFO] [stdout] 1495 |                 let max_packed_value = (&self.max_packed_value) as (*const Vec<u8>);
[INFO] [stdout]      |                                                                    ^^^^^^^^^^^^^^^^ help: remove these parentheses
[INFO] [stdout] 
[INFO] [stdout] 
[INFO] [stdout] warning: unnecessary parentheses around type
[INFO] [stdout]     --> src/core/util/bkd/bkd_writer.rs:1505:50
[INFO] [stdout]      |
[INFO] [stdout] 1505 |             let source = (&slices[split_dim]) as (*const PathSlice<PointWriterEnum<D>>);
[INFO] [stdout]      |                                                  ^^^^^^^^^^^^^^^^^^^^^^^^^^^^^^^^^^^^^^ help: remove these parentheses
[INFO] [stdout] 
[INFO] [stdout] 
[INFO] [stdout] warning: unnecessary parentheses around block return value
[INFO] [stdout]    --> src/core/util/bkd/offline_point.rs:147:9
[INFO] [stdout]     |
[INFO] [stdout] 147 |         (i1p1 << 24 | i1p2 << 16 | i1p3 << 8 | i1p4)
[INFO] [stdout]     |         ^^^^^^^^^^^^^^^^^^^^^^^^^^^^^^^^^^^^^^^^^^^^ help: remove these parentheses
[INFO] [stdout] 
[INFO] [stdout] 
[INFO] [stdout] warning: unnecessary parentheses around type
[INFO] [stdout]    --> src/core/util/fst/fst_builder.rs:629:85
[INFO] [stdout]     |
[INFO] [stdout] 629 |     pub fn add(&mut self, builder: &mut FstBuilder<F>, node_index: usize) -> Result<(u64)> {
[INFO] [stdout]     |                                                                                     ^^^^^ help: remove these parentheses
[INFO] [stdout] 
[INFO] [stdout] 
[INFO] [stdout] warning: unnecessary parentheses around block return value
[INFO] [stdout]   --> src/core/util/bit_util.rs:35:9
[INFO] [stdout]    |
[INFO] [stdout] 35 |         ((*self as u64 >> 1) as i64 ^ -(self & 1))
[INFO] [stdout]    |         ^^^^^^^^^^^^^^^^^^^^^^^^^^^^^^^^^^^^^^^^^^ help: remove these parentheses
[INFO] [stdout] 
[INFO] [stdout] 
[INFO] [stdout] warning: use of deprecated associated function `std::error::Error::description`: use the Display impl or to_string()
[INFO] [stdout]   --> src/error.rs:24:1
[INFO] [stdout]    |
[INFO] [stdout] 24 | / error_chain! {
[INFO] [stdout] 25 | |     types {
[INFO] [stdout] 26 | |         Error, ErrorKind, ResultExt, Result;
[INFO] [stdout] 27 | |     }
[INFO] [stdout] ...  |
[INFO] [stdout] 90 | |     }
[INFO] [stdout] 91 | | }
[INFO] [stdout]    | |_^
[INFO] [stdout]    |
[INFO] [stdout]    = note: `#[warn(deprecated)]` on by default
[INFO] [stdout]    = note: this warning originates in a macro (in Nightly builds, run with -Z macro-backtrace for more info)
[INFO] [stdout] 
[INFO] [stdout] 
[INFO] [stdout] warning: use of deprecated associated function `std::error::Error::description`: use the Display impl or to_string()
[INFO] [stdout]   --> src/error.rs:24:1
[INFO] [stdout]    |
[INFO] [stdout] 24 | / error_chain! {
[INFO] [stdout] 25 | |     types {
[INFO] [stdout] 26 | |         Error, ErrorKind, ResultExt, Result;
[INFO] [stdout] 27 | |     }
[INFO] [stdout] ...  |
[INFO] [stdout] 90 | |     }
[INFO] [stdout] 91 | | }
[INFO] [stdout]    | |_^
[INFO] [stdout]    |
[INFO] [stdout]    = note: this warning originates in a macro (in Nightly builds, run with -Z macro-backtrace for more info)
[INFO] [stdout] 
[INFO] [stdout] 
[INFO] [stdout] warning: use of deprecated associated function `std::error::Error::description`: use the Display impl or to_string()
[INFO] [stdout]   --> src/error.rs:24:1
[INFO] [stdout]    |
[INFO] [stdout] 24 | / error_chain! {
[INFO] [stdout] 25 | |     types {
[INFO] [stdout] 26 | |         Error, ErrorKind, ResultExt, Result;
[INFO] [stdout] 27 | |     }
[INFO] [stdout] ...  |
[INFO] [stdout] 90 | |     }
[INFO] [stdout] 91 | | }
[INFO] [stdout]    | |_^
[INFO] [stdout]    |
[INFO] [stdout]    = note: `#[warn(deprecated)]` on by default
[INFO] [stdout]    = note: this warning originates in a macro (in Nightly builds, run with -Z macro-backtrace for more info)
[INFO] [stdout] 
[INFO] [stdout] 
[INFO] [stdout] warning: use of deprecated associated function `std::error::Error::description`: use the Display impl or to_string()
[INFO] [stdout]   --> src/error.rs:24:1
[INFO] [stdout]    |
[INFO] [stdout] 24 | / error_chain! {
[INFO] [stdout] 25 | |     types {
[INFO] [stdout] 26 | |         Error, ErrorKind, ResultExt, Result;
[INFO] [stdout] 27 | |     }
[INFO] [stdout] ...  |
[INFO] [stdout] 90 | |     }
[INFO] [stdout] 91 | | }
[INFO] [stdout]    | |_^
[INFO] [stdout]    |
[INFO] [stdout]    = note: this warning originates in a macro (in Nightly builds, run with -Z macro-backtrace for more info)
[INFO] [stdout] 
[INFO] [stdout] 
[INFO] [stdout] error[E0599]: no method named `get_mut` found for union `MaybeUninit<[packed_misc::BulkOperationEnum; 32]>` in the current scope
[INFO] [stdout]    --> src/core/codec/postings/for_util.rs:124:26
[INFO] [stdout]     |
[INFO] [stdout] 124 |                 decoders.get_mut()[bpv] = get_decoder(format, packed_ints_version, bits_per_value)?;
[INFO] [stdout]     |                          ^^^^^^^ method not found in `MaybeUninit<[packed_misc::BulkOperationEnum; 32]>`
[INFO] [stdout]     |
[INFO] [stdout]     = help: items from traits can only be used if the trait is implemented and in scope
[INFO] [stdout] note: `codec::doc_values::NumericDocValues` defines an item `get_mut`, perhaps you need to implement it
[INFO] [stdout]    --> src/core/codec/doc_values/mod.rs:61:1
[INFO] [stdout]     |
[INFO] [stdout] 61  | pub trait NumericDocValues: Send + Sync {
[INFO] [stdout]     | ^^^^^^^^^^^^^^^^^^^^^^^^^^^^^^^^^^^^^^^
[INFO] [stdout] 
[INFO] [stdout] 
[INFO] [stdout] error[E0599]: no method named `get_mut` found for union `MaybeUninit<[packed_misc::BulkOperationEnum; 32]>` in the current scope
[INFO] [stdout]    --> src/core/codec/postings/for_util.rs:125:26
[INFO] [stdout]     |
[INFO] [stdout] 125 |                 encoders.get_mut()[bpv] = get_encoder(format, packed_ints_version, bits_per_value)?;
[INFO] [stdout]     |                          ^^^^^^^ method not found in `MaybeUninit<[packed_misc::BulkOperationEnum; 32]>`
[INFO] [stdout]     |
[INFO] [stdout]     = help: items from traits can only be used if the trait is implemented and in scope
[INFO] [stdout] note: `codec::doc_values::NumericDocValues` defines an item `get_mut`, perhaps you need to implement it
[INFO] [stdout]    --> src/core/codec/doc_values/mod.rs:61:1
[INFO] [stdout]     |
[INFO] [stdout] 61  | pub trait NumericDocValues: Send + Sync {
[INFO] [stdout]     | ^^^^^^^^^^^^^^^^^^^^^^^^^^^^^^^^^^^^^^^
[INFO] [stdout] 
[INFO] [stdout] 
[INFO] [stdout] error[E0599]: no method named `get_ref` found for union `MaybeUninit<[packed_misc::BulkOperationEnum; 32]>` in the current scope
[INFO] [stdout]    --> src/core/codec/postings/for_util.rs:126:64
[INFO] [stdout]     |
[INFO] [stdout] 126 |                 iterations[bpv] = compute_iterations(&decoders.get_ref()[bpv]);
[INFO] [stdout]     |                                                                ^^^^^^^ method not found in `MaybeUninit<[packed_misc::BulkOperationEnum; 32]>`
[INFO] [stdout] 
[INFO] [stdout] 
[INFO] [stdout] error[E0599]: no method named `get_mut` found for union `MaybeUninit<[packed_misc::BulkOperationEnum; 32]>` in the current scope
[INFO] [stdout]    --> src/core/codec/postings/for_util.rs:160:26
[INFO] [stdout]     |
[INFO] [stdout] 160 |                 decoders.get_mut()[bpv - 1] = get_decoder(format, VERSION_CURRENT, bits_per_value)?;
[INFO] [stdout]     |                          ^^^^^^^ method not found in `MaybeUninit<[packed_misc::BulkOperationEnum; 32]>`
[INFO] [stdout]     |
[INFO] [stdout]     = help: items from traits can only be used if the trait is implemented and in scope
[INFO] [stdout] note: `codec::doc_values::NumericDocValues` defines an item `get_mut`, perhaps you need to implement it
[INFO] [stdout]    --> src/core/codec/doc_values/mod.rs:61:1
[INFO] [stdout]     |
[INFO] [stdout] 61  | pub trait NumericDocValues: Send + Sync {
[INFO] [stdout]     | ^^^^^^^^^^^^^^^^^^^^^^^^^^^^^^^^^^^^^^^
[INFO] [stdout] 
[INFO] [stdout] 
[INFO] [stdout] error[E0599]: no method named `get_mut` found for union `MaybeUninit<[packed_misc::BulkOperationEnum; 32]>` in the current scope
[INFO] [stdout]    --> src/core/codec/postings/for_util.rs:161:26
[INFO] [stdout]     |
[INFO] [stdout] 161 |                 encoders.get_mut()[bpv - 1] = get_encoder(format, VERSION_CURRENT, bits_per_value)?;
[INFO] [stdout]     |                          ^^^^^^^ method not found in `MaybeUninit<[packed_misc::BulkOperationEnum; 32]>`
[INFO] [stdout]     |
[INFO] [stdout]     = help: items from traits can only be used if the trait is implemented and in scope
[INFO] [stdout] note: `codec::doc_values::NumericDocValues` defines an item `get_mut`, perhaps you need to implement it
[INFO] [stdout]    --> src/core/codec/doc_values/mod.rs:61:1
[INFO] [stdout]     |
[INFO] [stdout] 61  | pub trait NumericDocValues: Send + Sync {
[INFO] [stdout]     | ^^^^^^^^^^^^^^^^^^^^^^^^^^^^^^^^^^^^^^^
[INFO] [stdout] 
[INFO] [stdout] 
[INFO] [stdout] error[E0599]: no method named `get_ref` found for union `MaybeUninit<[packed_misc::BulkOperationEnum; 32]>` in the current scope
[INFO] [stdout]    --> src/core/codec/postings/for_util.rs:162:68
[INFO] [stdout]     |
[INFO] [stdout] 162 |                 iterations[bpv - 1] = compute_iterations(&decoders.get_ref()[bpv - 1]);
[INFO] [stdout]     |                                                                    ^^^^^^^ method not found in `MaybeUninit<[packed_misc::BulkOperationEnum; 32]>`
[INFO] [stdout] 
[INFO] [stdout] 
[INFO] [stdout] error[E0599]: no method named `get_ref` found for union `MaybeUninit<[packed_misc::BulkOperationEnum; 32]>` in the current scope
[INFO] [stdout]    --> src/core/codec/postings/for_util.rs:197:47
[INFO] [stdout]     |
[INFO] [stdout] 197 |         let decoder = unsafe { &self.decoders.get_ref()[num_bits - 1] };
[INFO] [stdout]     |                                               ^^^^^^^ method not found in `MaybeUninit<[packed_misc::BulkOperationEnum; 32]>`
[INFO] [stdout] 
[INFO] [stdout] 
[INFO] [stdout] error[E0599]: no method named `get_ref` found for union `MaybeUninit<[packed_misc::BulkOperationEnum; 32]>` in the current scope
[INFO] [stdout]    --> src/core/codec/postings/for_util.rs:285:56
[INFO] [stdout]     |
[INFO] [stdout] 285 |         let encoder = unsafe { &self.instance.encoders.get_ref()[num_bits - 1] };
[INFO] [stdout]     |                                                        ^^^^^^^ method not found in `MaybeUninit<[packed_misc::BulkOperationEnum; 32]>`
[INFO] [stdout] 
[INFO] [stdout] 
[INFO] [stdout] error[E0599]: no method named `get_mut` found for union `MaybeUninit<[packed_misc::BulkOperationEnum; 32]>` in the current scope
[INFO] [stdout]    --> src/core/codec/postings/for_util.rs:124:26
[INFO] [stdout]     |
[INFO] [stdout] 124 |                 decoders.get_mut()[bpv] = get_decoder(format, packed_ints_version, bits_per_value)?;
[INFO] [stdout]     |                          ^^^^^^^ method not found in `MaybeUninit<[packed_misc::BulkOperationEnum; 32]>`
[INFO] [stdout]     |
[INFO] [stdout]     = help: items from traits can only be used if the trait is implemented and in scope
[INFO] [stdout] note: `codec::doc_values::NumericDocValues` defines an item `get_mut`, perhaps you need to implement it
[INFO] [stdout]    --> src/core/codec/doc_values/mod.rs:61:1
[INFO] [stdout]     |
[INFO] [stdout] 61  | pub trait NumericDocValues: Send + Sync {
[INFO] [stdout]     | ^^^^^^^^^^^^^^^^^^^^^^^^^^^^^^^^^^^^^^^
[INFO] [stdout] 
[INFO] [stdout] 
[INFO] [stdout] error[E0599]: no method named `get_mut` found for union `MaybeUninit<[packed_misc::BulkOperationEnum; 32]>` in the current scope
[INFO] [stdout]    --> src/core/codec/postings/for_util.rs:125:26
[INFO] [stdout]     |
[INFO] [stdout] 125 |                 encoders.get_mut()[bpv] = get_encoder(format, packed_ints_version, bits_per_value)?;
[INFO] [stdout]     |                          ^^^^^^^ method not found in `MaybeUninit<[packed_misc::BulkOperationEnum; 32]>`
[INFO] [stdout]     |
[INFO] [stdout]     = help: items from traits can only be used if the trait is implemented and in scope
[INFO] [stdout] note: `codec::doc_values::NumericDocValues` defines an item `get_mut`, perhaps you need to implement it
[INFO] [stdout]    --> src/core/codec/doc_values/mod.rs:61:1
[INFO] [stdout]     |
[INFO] [stdout] 61  | pub trait NumericDocValues: Send + Sync {
[INFO] [stdout]     | ^^^^^^^^^^^^^^^^^^^^^^^^^^^^^^^^^^^^^^^
[INFO] [stdout] 
[INFO] [stdout] 
[INFO] [stdout] error[E0599]: no method named `get_ref` found for union `MaybeUninit<[packed_misc::BulkOperationEnum; 32]>` in the current scope
[INFO] [stdout]    --> src/core/codec/postings/for_util.rs:126:64
[INFO] [stdout]     |
[INFO] [stdout] 126 |                 iterations[bpv] = compute_iterations(&decoders.get_ref()[bpv]);
[INFO] [stdout]     |                                                                ^^^^^^^ method not found in `MaybeUninit<[packed_misc::BulkOperationEnum; 32]>`
[INFO] [stdout] 
[INFO] [stdout] 
[INFO] [stdout] error[E0599]: no method named `get_mut` found for union `MaybeUninit<[packed_misc::BulkOperationEnum; 32]>` in the current scope
[INFO] [stdout]    --> src/core/codec/postings/for_util.rs:160:26
[INFO] [stdout]     |
[INFO] [stdout] 160 |                 decoders.get_mut()[bpv - 1] = get_decoder(format, VERSION_CURRENT, bits_per_value)?;
[INFO] [stdout]     |                          ^^^^^^^ method not found in `MaybeUninit<[packed_misc::BulkOperationEnum; 32]>`
[INFO] [stdout]     |
[INFO] [stdout]     = help: items from traits can only be used if the trait is implemented and in scope
[INFO] [stdout] note: `codec::doc_values::NumericDocValues` defines an item `get_mut`, perhaps you need to implement it
[INFO] [stdout]    --> src/core/codec/doc_values/mod.rs:61:1
[INFO] [stdout]     |
[INFO] [stdout] 61  | pub trait NumericDocValues: Send + Sync {
[INFO] [stdout]     | ^^^^^^^^^^^^^^^^^^^^^^^^^^^^^^^^^^^^^^^
[INFO] [stdout] 
[INFO] [stdout] 
[INFO] [stdout] error[E0599]: no method named `get_mut` found for union `MaybeUninit<[packed_misc::BulkOperationEnum; 32]>` in the current scope
[INFO] [stdout]    --> src/core/codec/postings/for_util.rs:161:26
[INFO] [stdout]     |
[INFO] [stdout] 161 |                 encoders.get_mut()[bpv - 1] = get_encoder(format, VERSION_CURRENT, bits_per_value)?;
[INFO] [stdout]     |                          ^^^^^^^ method not found in `MaybeUninit<[packed_misc::BulkOperationEnum; 32]>`
[INFO] [stdout]     |
[INFO] [stdout]     = help: items from traits can only be used if the trait is implemented and in scope
[INFO] [stdout] note: `codec::doc_values::NumericDocValues` defines an item `get_mut`, perhaps you need to implement it
[INFO] [stdout]    --> src/core/codec/doc_values/mod.rs:61:1
[INFO] [stdout]     |
[INFO] [stdout] 61  | pub trait NumericDocValues: Send + Sync {
[INFO] [stdout]     | ^^^^^^^^^^^^^^^^^^^^^^^^^^^^^^^^^^^^^^^
[INFO] [stdout] 
[INFO] [stdout] 
[INFO] [stdout] error[E0599]: no method named `get_ref` found for union `MaybeUninit<[packed_misc::BulkOperationEnum; 32]>` in the current scope
[INFO] [stdout]    --> src/core/codec/postings/for_util.rs:162:68
[INFO] [stdout]     |
[INFO] [stdout] 162 |                 iterations[bpv - 1] = compute_iterations(&decoders.get_ref()[bpv - 1]);
[INFO] [stdout]     |                                                                    ^^^^^^^ method not found in `MaybeUninit<[packed_misc::BulkOperationEnum; 32]>`
[INFO] [stdout] 
[INFO] [stdout] 
[INFO] [stdout] error[E0599]: no method named `get_ref` found for union `MaybeUninit<[packed_misc::BulkOperationEnum; 32]>` in the current scope
[INFO] [stdout]    --> src/core/codec/postings/for_util.rs:197:47
[INFO] [stdout]     |
[INFO] [stdout] 197 |         let decoder = unsafe { &self.decoders.get_ref()[num_bits - 1] };
[INFO] [stdout]     |                                               ^^^^^^^ method not found in `MaybeUninit<[packed_misc::BulkOperationEnum; 32]>`
[INFO] [stdout] 
[INFO] [stdout] 
[INFO] [stdout] error[E0599]: no method named `get_ref` found for union `MaybeUninit<[packed_misc::BulkOperationEnum; 32]>` in the current scope
[INFO] [stdout]    --> src/core/codec/postings/for_util.rs:285:56
[INFO] [stdout]     |
[INFO] [stdout] 285 |         let encoder = unsafe { &self.instance.encoders.get_ref()[num_bits - 1] };
[INFO] [stdout]     |                                                        ^^^^^^^ method not found in `MaybeUninit<[packed_misc::BulkOperationEnum; 32]>`
[INFO] [stdout] 
[INFO] [stdout] 
[INFO] [stdout] error[E0599]: no method named `get_ref` found for union `MaybeUninit<bytes_ref_hash::BytesRefHash>` in the current scope
[INFO] [stdout]    --> src/core/codec/postings/terms_hash.rs:260:41
[INFO] [stdout]     |
[INFO] [stdout] 260 |                 if !f.base().bytes_hash.get_ref().is_empty() {
[INFO] [stdout]     |                                         ^^^^^^^ method not found in `MaybeUninit<bytes_ref_hash::BytesRefHash>`
[INFO] [stdout] 
[INFO] [stdout] 
[INFO] [stdout] error[E0599]: no method named `get_ref` found for union `MaybeUninit<bytes_ref_hash::BytesRefHash>` in the current scope
[INFO] [stdout]    --> src/core/codec/postings/terms_hash.rs:470:62
[INFO] [stdout]     |
[INFO] [stdout] 470 |             num_terms: unsafe { terms_writer.base.bytes_hash.get_ref().len() },
[INFO] [stdout]     |                                                              ^^^^^^^ method not found in `MaybeUninit<bytes_ref_hash::BytesRefHash>`
[INFO] [stdout] 
[INFO] [stdout] 
[INFO] [stdout] error[E0599]: no method named `get_ref` found for union `MaybeUninit<bytes_ref_hash::BytesRefHash>` in the current scope
[INFO] [stdout]    --> src/core/codec/postings/terms_hash.rs:485:57
[INFO] [stdout]     |
[INFO] [stdout] 485 |         let idx = unsafe { self.terms().base.bytes_hash.get_ref().ids[term_id] as usize };
[INFO] [stdout]     |                                                         ^^^^^^^ method not found in `MaybeUninit<bytes_ref_hash::BytesRefHash>`
[INFO] [stdout] 
[INFO] [stdout] 
[INFO] [stdout] error[E0599]: no method named `get_ref` found for union `MaybeUninit<bytes_ref_hash::BytesRefHash>` in the current scope
[INFO] [stdout]    --> src/core/codec/postings/terms_hash.rs:587:57
[INFO] [stdout]     |
[INFO] [stdout] 587 |                     .reset(self.terms().base.bytes_hash.get_ref().ids[self.ord as usize] as usize);
[INFO] [stdout]     |                                                         ^^^^^^^ method not found in `MaybeUninit<bytes_ref_hash::BytesRefHash>`
[INFO] [stdout] 
[INFO] [stdout] 
[INFO] [stdout] error[E0599]: no method named `get_ref` found for union `MaybeUninit<bytes_ref_hash::BytesRefHash>` in the current scope
[INFO] [stdout]    --> src/core/codec/postings/terms_hash.rs:602:57
[INFO] [stdout]     |
[INFO] [stdout] 602 |                     .reset(self.terms().base.bytes_hash.get_ref().ids[self.ord as usize] as usize);
[INFO] [stdout]     |                                                         ^^^^^^^ method not found in `MaybeUninit<bytes_ref_hash::BytesRefHash>`
[INFO] [stdout] 
[INFO] [stdout] 
[INFO] [stdout] error[E0599]: no method named `get_mut` found for union `MaybeUninit<bytes_ref_hash::BytesRefHash>` in the current scope
[INFO] [stdout]    --> src/core/codec/postings/terms_hash_per_field.rs:105:29
[INFO] [stdout]     |
[INFO] [stdout] 105 |             self.bytes_hash.get_mut().pool = parent.term_byte_pool;
[INFO] [stdout]     |                             ^^^^^^^ method not found in `MaybeUninit<bytes_ref_hash::BytesRefHash>`
[INFO] [stdout]     |
[INFO] [stdout]     = help: items from traits can only be used if the trait is implemented and in scope
[INFO] [stdout] note: `codec::doc_values::NumericDocValues` defines an item `get_mut`, perhaps you need to implement it
[INFO] [stdout]    --> src/core/codec/doc_values/mod.rs:61:1
[INFO] [stdout]     |
[INFO] [stdout] 61  | pub trait NumericDocValues: Send + Sync {
[INFO] [stdout]     | ^^^^^^^^^^^^^^^^^^^^^^^^^^^^^^^^^^^^^^^
[INFO] [stdout] 
[INFO] [stdout] 
[INFO] [stdout] error[E0599]: no method named `get_mut` found for union `MaybeUninit<bytes_ref_hash::BytesRefHash>` in the current scope
[INFO] [stdout]    --> src/core/codec/postings/terms_hash_per_field.rs:213:29
[INFO] [stdout]     |
[INFO] [stdout] 213 |             self.bytes_hash.get_mut().sort();
[INFO] [stdout]     |                             ^^^^^^^ method not found in `MaybeUninit<bytes_ref_hash::BytesRefHash>`
[INFO] [stdout]     |
[INFO] [stdout]     = help: items from traits can only be used if the trait is implemented and in scope
[INFO] [stdout] note: `codec::doc_values::NumericDocValues` defines an item `get_mut`, perhaps you need to implement it
[INFO] [stdout]    --> src/core/codec/doc_values/mod.rs:61:1
[INFO] [stdout]     |
[INFO] [stdout] 61  | pub trait NumericDocValues: Send + Sync {
[INFO] [stdout]     | ^^^^^^^^^^^^^^^^^^^^^^^^^^^^^^^^^^^^^^^
[INFO] [stdout] 
[INFO] [stdout] 
[INFO] [stdout] error[E0599]: no method named `get_ref` found for union `MaybeUninit<bytes_ref_hash::BytesRefHash>` in the current scope
[INFO] [stdout]    --> src/core/codec/postings/terms_hash.rs:260:41
[INFO] [stdout]     |
[INFO] [stdout] 260 |                 if !f.base().bytes_hash.get_ref().is_empty() {
[INFO] [stdout]     |                                         ^^^^^^^ method not found in `MaybeUninit<bytes_ref_hash::BytesRefHash>`
[INFO] [stdout] 
[INFO] [stdout] 
[INFO] [stdout] error[E0599]: no method named `get_mut` found for union `MaybeUninit<bytes_ref_hash::BytesRefHash>` in the current scope
[INFO] [stdout]    --> src/core/codec/postings/terms_hash_per_field.rs:230:40
[INFO] [stdout]     |
[INFO] [stdout] 230 |             self.base_mut().bytes_hash.get_mut().clear(false);
[INFO] [stdout]     |                                        ^^^^^^^ method not found in `MaybeUninit<bytes_ref_hash::BytesRefHash>`
[INFO] [stdout]     |
[INFO] [stdout]     = help: items from traits can only be used if the trait is implemented and in scope
[INFO] [stdout] note: `codec::doc_values::NumericDocValues` defines an item `get_mut`, perhaps you need to implement it
[INFO] [stdout]    --> src/core/codec/doc_values/mod.rs:61:1
[INFO] [stdout]     |
[INFO] [stdout] 61  | pub trait NumericDocValues: Send + Sync {
[INFO] [stdout]     | ^^^^^^^^^^^^^^^^^^^^^^^^^^^^^^^^^^^^^^^
[INFO] [stdout] 
[INFO] [stdout] 
[INFO] [stdout] error[E0599]: no method named `get_mut` found for union `MaybeUninit<bytes_ref_hash::BytesRefHash>` in the current scope
[INFO] [stdout]    --> src/core/codec/postings/terms_hash_per_field.rs:263:18
[INFO] [stdout]     |
[INFO] [stdout] 263 |                 .get_mut()
[INFO] [stdout]     |                  ^^^^^^^ method not found in `MaybeUninit<bytes_ref_hash::BytesRefHash>`
[INFO] [stdout]     |
[INFO] [stdout]     = help: items from traits can only be used if the trait is implemented and in scope
[INFO] [stdout] note: `codec::doc_values::NumericDocValues` defines an item `get_mut`, perhaps you need to implement it
[INFO] [stdout]    --> src/core/codec/doc_values/mod.rs:61:1
[INFO] [stdout]     |
[INFO] [stdout] 61  | pub trait NumericDocValues: Send + Sync {
[INFO] [stdout]     | ^^^^^^^^^^^^^^^^^^^^^^^^^^^^^^^^^^^^^^^
[INFO] [stdout] 
[INFO] [stdout] 
[INFO] [stdout] error[E0599]: no method named `get_mut` found for union `MaybeUninit<bytes_ref_hash::BytesRefHash>` in the current scope
[INFO] [stdout]    --> src/core/codec/postings/terms_hash_per_field.rs:287:59
[INFO] [stdout]     |
[INFO] [stdout] 287 |         let term_id = unsafe { self.base_mut().bytes_hash.get_mut().add(&bytes_ref) };
[INFO] [stdout]     |                                                           ^^^^^^^ method not found in `MaybeUninit<bytes_ref_hash::BytesRefHash>`
[INFO] [stdout]     |
[INFO] [stdout]     = help: items from traits can only be used if the trait is implemented and in scope
[INFO] [stdout] note: `codec::doc_values::NumericDocValues` defines an item `get_mut`, perhaps you need to implement it
[INFO] [stdout]    --> src/core/codec/doc_values/mod.rs:61:1
[INFO] [stdout]     |
[INFO] [stdout] 61  | pub trait NumericDocValues: Send + Sync {
[INFO] [stdout]     | ^^^^^^^^^^^^^^^^^^^^^^^^^^^^^^^^^^^^^^^
[INFO] [stdout] 
[INFO] [stdout] 
[INFO] [stdout] error[E0599]: no method named `get_ref` found for union `MaybeUninit<bytes_ref_hash::BytesRefHash>` in the current scope
[INFO] [stdout]    --> src/core/codec/postings/terms_hash.rs:470:62
[INFO] [stdout]     |
[INFO] [stdout] 470 |             num_terms: unsafe { terms_writer.base.bytes_hash.get_ref().len() },
[INFO] [stdout]     |                                                              ^^^^^^^ method not found in `MaybeUninit<bytes_ref_hash::BytesRefHash>`
[INFO] [stdout] 
[INFO] [stdout] 
[INFO] [stdout] error[E0599]: no method named `get_ref` found for union `MaybeUninit<bytes_ref_hash::BytesRefHash>` in the current scope
[INFO] [stdout]    --> src/core/codec/postings/terms_hash_per_field.rs:292:22
[INFO] [stdout]     |
[INFO] [stdout] 292 |                     .get_ref()
[INFO] [stdout]     |                      ^^^^^^^ method not found in `MaybeUninit<bytes_ref_hash::BytesRefHash>`
[INFO] [stdout] 
[INFO] [stdout] 
[INFO] [stdout] error[E0599]: no method named `get_ref` found for union `MaybeUninit<bytes_ref_hash::BytesRefHash>` in the current scope
[INFO] [stdout]    --> src/core/codec/postings/terms_hash.rs:485:57
[INFO] [stdout]     |
[INFO] [stdout] 485 |         let idx = unsafe { self.terms().base.bytes_hash.get_ref().ids[term_id] as usize };
[INFO] [stdout]     |                                                         ^^^^^^^ method not found in `MaybeUninit<bytes_ref_hash::BytesRefHash>`
[INFO] [stdout] 
[INFO] [stdout] 
[INFO] [stdout] error[E0599]: no method named `get_ref` found for union `MaybeUninit<bytes_ref_hash::BytesRefHash>` in the current scope
[INFO] [stdout]    --> src/core/codec/postings/terms_hash.rs:587:57
[INFO] [stdout]     |
[INFO] [stdout] 587 |                     .reset(self.terms().base.bytes_hash.get_ref().ids[self.ord as usize] as usize);
[INFO] [stdout]     |                                                         ^^^^^^^ method not found in `MaybeUninit<bytes_ref_hash::BytesRefHash>`
[INFO] [stdout] 
[INFO] [stdout] 
[INFO] [stdout] error[E0599]: no method named `get_ref` found for union `MaybeUninit<bytes_ref_hash::BytesRefHash>` in the current scope
[INFO] [stdout]    --> src/core/codec/postings/terms_hash.rs:602:57
[INFO] [stdout]     |
[INFO] [stdout] 602 |                     .reset(self.terms().base.bytes_hash.get_ref().ids[self.ord as usize] as usize);
[INFO] [stdout]     |                                                         ^^^^^^^ method not found in `MaybeUninit<bytes_ref_hash::BytesRefHash>`
[INFO] [stdout] 
[INFO] [stdout] 
[INFO] [stdout] error[E0599]: no method named `get_mut` found for union `MaybeUninit<bytes_ref_hash::BytesRefHash>` in the current scope
[INFO] [stdout]    --> src/core/codec/postings/terms_hash_per_field.rs:105:29
[INFO] [stdout]     |
[INFO] [stdout] 105 |             self.bytes_hash.get_mut().pool = parent.term_byte_pool;
[INFO] [stdout]     |                             ^^^^^^^ method not found in `MaybeUninit<bytes_ref_hash::BytesRefHash>`
[INFO] [stdout]     |
[INFO] [stdout]     = help: items from traits can only be used if the trait is implemented and in scope
[INFO] [stdout] note: `codec::doc_values::NumericDocValues` defines an item `get_mut`, perhaps you need to implement it
[INFO] [stdout]    --> src/core/codec/doc_values/mod.rs:61:1
[INFO] [stdout]     |
[INFO] [stdout] 61  | pub trait NumericDocValues: Send + Sync {
[INFO] [stdout]     | ^^^^^^^^^^^^^^^^^^^^^^^^^^^^^^^^^^^^^^^
[INFO] [stdout] 
[INFO] [stdout] 
[INFO] [stdout] error[E0599]: no method named `get_mut` found for union `MaybeUninit<bytes_ref_hash::BytesRefHash>` in the current scope
[INFO] [stdout]    --> src/core/codec/postings/terms_hash_per_field.rs:213:29
[INFO] [stdout]     |
[INFO] [stdout] 213 |             self.bytes_hash.get_mut().sort();
[INFO] [stdout]     |                             ^^^^^^^ method not found in `MaybeUninit<bytes_ref_hash::BytesRefHash>`
[INFO] [stdout]     |
[INFO] [stdout]     = help: items from traits can only be used if the trait is implemented and in scope
[INFO] [stdout] note: `codec::doc_values::NumericDocValues` defines an item `get_mut`, perhaps you need to implement it
[INFO] [stdout]    --> src/core/codec/doc_values/mod.rs:61:1
[INFO] [stdout]     |
[INFO] [stdout] 61  | pub trait NumericDocValues: Send + Sync {
[INFO] [stdout]     | ^^^^^^^^^^^^^^^^^^^^^^^^^^^^^^^^^^^^^^^
[INFO] [stdout] 
[INFO] [stdout] 
[INFO] [stdout] error[E0599]: no method named `get_mut` found for union `MaybeUninit<bytes_ref_hash::BytesRefHash>` in the current scope
[INFO] [stdout]    --> src/core/codec/postings/terms_hash_per_field.rs:230:40
[INFO] [stdout]     |
[INFO] [stdout] 230 |             self.base_mut().bytes_hash.get_mut().clear(false);
[INFO] [stdout]     |                                        ^^^^^^^ method not found in `MaybeUninit<bytes_ref_hash::BytesRefHash>`
[INFO] [stdout]     |
[INFO] [stdout]     = help: items from traits can only be used if the trait is implemented and in scope
[INFO] [stdout] note: `codec::doc_values::NumericDocValues` defines an item `get_mut`, perhaps you need to implement it
[INFO] [stdout]    --> src/core/codec/doc_values/mod.rs:61:1
[INFO] [stdout]     |
[INFO] [stdout] 61  | pub trait NumericDocValues: Send + Sync {
[INFO] [stdout]     | ^^^^^^^^^^^^^^^^^^^^^^^^^^^^^^^^^^^^^^^
[INFO] [stdout] 
[INFO] [stdout] 
[INFO] [stdout] error[E0599]: no method named `get_mut` found for union `MaybeUninit<bytes_ref_hash::BytesRefHash>` in the current scope
[INFO] [stdout]    --> src/core/codec/postings/terms_hash_per_field.rs:263:18
[INFO] [stdout]     |
[INFO] [stdout] 263 |                 .get_mut()
[INFO] [stdout]     |                  ^^^^^^^ method not found in `MaybeUninit<bytes_ref_hash::BytesRefHash>`
[INFO] [stdout]     |
[INFO] [stdout]     = help: items from traits can only be used if the trait is implemented and in scope
[INFO] [stdout] note: `codec::doc_values::NumericDocValues` defines an item `get_mut`, perhaps you need to implement it
[INFO] [stdout]    --> src/core/codec/doc_values/mod.rs:61:1
[INFO] [stdout]     |
[INFO] [stdout] 61  | pub trait NumericDocValues: Send + Sync {
[INFO] [stdout]     | ^^^^^^^^^^^^^^^^^^^^^^^^^^^^^^^^^^^^^^^
[INFO] [stdout] 
[INFO] [stdout] 
[INFO] [stdout] error[E0599]: no method named `get_mut` found for union `MaybeUninit<bytes_ref_hash::BytesRefHash>` in the current scope
[INFO] [stdout]    --> src/core/codec/postings/terms_hash_per_field.rs:287:59
[INFO] [stdout]     |
[INFO] [stdout] 287 |         let term_id = unsafe { self.base_mut().bytes_hash.get_mut().add(&bytes_ref) };
[INFO] [stdout]     |                                                           ^^^^^^^ method not found in `MaybeUninit<bytes_ref_hash::BytesRefHash>`
[INFO] [stdout]     |
[INFO] [stdout]     = help: items from traits can only be used if the trait is implemented and in scope
[INFO] [stdout] note: `codec::doc_values::NumericDocValues` defines an item `get_mut`, perhaps you need to implement it
[INFO] [stdout]    --> src/core/codec/doc_values/mod.rs:61:1
[INFO] [stdout]     |
[INFO] [stdout] 61  | pub trait NumericDocValues: Send + Sync {
[INFO] [stdout]     | ^^^^^^^^^^^^^^^^^^^^^^^^^^^^^^^^^^^^^^^
[INFO] [stdout] 
[INFO] [stdout] 
[INFO] [stdout] error[E0599]: no method named `get_ref` found for union `MaybeUninit<bytes_ref_hash::BytesRefHash>` in the current scope
[INFO] [stdout]    --> src/core/codec/postings/terms_hash_per_field.rs:292:22
[INFO] [stdout]     |
[INFO] [stdout] 292 |                     .get_ref()
[INFO] [stdout]     |                      ^^^^^^^ method not found in `MaybeUninit<bytes_ref_hash::BytesRefHash>`
[INFO] [stdout] 
[INFO] [stdout] 
[INFO] [stdout] error[E0599]: no method named `get_ref` found for union `MaybeUninit<bytes_ref_hash::BytesRefHash>` in the current scope
[INFO] [stdout]    --> src/core/codec/term_vectors/term_vector_consumer.rs:644:58
[INFO] [stdout]     |
[INFO] [stdout] 644 |         let num_postings = unsafe { self.base.bytes_hash.get_ref().len() };
[INFO] [stdout]     |                                                          ^^^^^^^ method not found in `MaybeUninit<bytes_ref_hash::BytesRefHash>`
[INFO] [stdout] 
[INFO] [stdout] 
[INFO] [stdout] error[E0599]: no method named `get_mut` found for union `MaybeUninit<bytes_ref_hash::BytesRefHash>` in the current scope
[INFO] [stdout]    --> src/core/codec/term_vectors/term_vector_consumer.rs:650:34
[INFO] [stdout]     |
[INFO] [stdout] 650 |             self.base.bytes_hash.get_mut().sort();
[INFO] [stdout]     |                                  ^^^^^^^ method not found in `MaybeUninit<bytes_ref_hash::BytesRefHash>`
[INFO] [stdout]     |
[INFO] [stdout]     = help: items from traits can only be used if the trait is implemented and in scope
[INFO] [stdout] note: `codec::doc_values::NumericDocValues` defines an item `get_mut`, perhaps you need to implement it
[INFO] [stdout]    --> src/core/codec/doc_values/mod.rs:61:1
[INFO] [stdout]     |
[INFO] [stdout] 61  | pub trait NumericDocValues: Send + Sync {
[INFO] [stdout]     | ^^^^^^^^^^^^^^^^^^^^^^^^^^^^^^^^^^^^^^^
[INFO] [stdout] 
[INFO] [stdout] 
[INFO] [stdout] error[E0599]: no method named `get_ref` found for union `MaybeUninit<bytes_ref_hash::BytesRefHash>` in the current scope
[INFO] [stdout]    --> src/core/codec/term_vectors/term_vector_consumer.rs:644:58
[INFO] [stdout]     |
[INFO] [stdout] 644 |         let num_postings = unsafe { self.base.bytes_hash.get_ref().len() };
[INFO] [stdout]     |                                                          ^^^^^^^ method not found in `MaybeUninit<bytes_ref_hash::BytesRefHash>`
[INFO] [stdout] 
[INFO] [stdout] 
[INFO] [stdout] error[E0599]: no method named `get_ref` found for union `MaybeUninit<bytes_ref_hash::BytesRefHash>` in the current scope
[INFO] [stdout]    --> src/core/codec/term_vectors/term_vector_consumer.rs:673:57
[INFO] [stdout]     |
[INFO] [stdout] 673 |             let term_id = unsafe { self.base.bytes_hash.get_ref().ids[j] as usize };
[INFO] [stdout]     |                                                         ^^^^^^^ method not found in `MaybeUninit<bytes_ref_hash::BytesRefHash>`
[INFO] [stdout] 
[INFO] [stdout] 
[INFO] [stdout] error[E0599]: no method named `get_mut` found for union `MaybeUninit<bytes_ref_hash::BytesRefHash>` in the current scope
[INFO] [stdout]    --> src/core/codec/term_vectors/term_vector_consumer.rs:650:34
[INFO] [stdout]     |
[INFO] [stdout] 650 |             self.base.bytes_hash.get_mut().sort();
[INFO] [stdout]     |                                  ^^^^^^^ method not found in `MaybeUninit<bytes_ref_hash::BytesRefHash>`
[INFO] [stdout]     |
[INFO] [stdout]     = help: items from traits can only be used if the trait is implemented and in scope
[INFO] [stdout] note: `codec::doc_values::NumericDocValues` defines an item `get_mut`, perhaps you need to implement it
[INFO] [stdout]    --> src/core/codec/doc_values/mod.rs:61:1
[INFO] [stdout]     |
[INFO] [stdout] 61  | pub trait NumericDocValues: Send + Sync {
[INFO] [stdout]     | ^^^^^^^^^^^^^^^^^^^^^^^^^^^^^^^^^^^^^^^
[INFO] [stdout] 
[INFO] [stdout] 
[INFO] [stdout] error[E0599]: no method named `get_mut` found for union `MaybeUninit<bytes_ref_hash::BytesRefHash>` in the current scope
[INFO] [stdout]    --> src/core/codec/term_vectors/term_vector_consumer.rs:705:34
[INFO] [stdout]     |
[INFO] [stdout] 705 |             self.base.bytes_hash.get_mut().clear(false);
[INFO] [stdout]     |                                  ^^^^^^^ method not found in `MaybeUninit<bytes_ref_hash::BytesRefHash>`
[INFO] [stdout]     |
[INFO] [stdout]     = help: items from traits can only be used if the trait is implemented and in scope
[INFO] [stdout] note: `codec::doc_values::NumericDocValues` defines an item `get_mut`, perhaps you need to implement it
[INFO] [stdout]    --> src/core/codec/doc_values/mod.rs:61:1
[INFO] [stdout]     |
[INFO] [stdout] 61  | pub trait NumericDocValues: Send + Sync {
[INFO] [stdout]     | ^^^^^^^^^^^^^^^^^^^^^^^^^^^^^^^^^^^^^^^
[INFO] [stdout] 
[INFO] [stdout] 
[INFO] [stdout] error[E0599]: no method named `get_ref` found for union `MaybeUninit<bytes_ref_hash::BytesRefHash>` in the current scope
[INFO] [stdout]    --> src/core/codec/term_vectors/term_vector_consumer.rs:673:57
[INFO] [stdout]     |
[INFO] [stdout] 673 |             let term_id = unsafe { self.base.bytes_hash.get_ref().ids[j] as usize };
[INFO] [stdout]     |                                                         ^^^^^^^ method not found in `MaybeUninit<bytes_ref_hash::BytesRefHash>`
[INFO] [stdout] 
[INFO] [stdout] 
[INFO] [stdout] error[E0599]: no method named `get_ref` found for union `MaybeUninit<bytes_ref_hash::BytesRefHash>` in the current scope
[INFO] [stdout]    --> src/core/codec/term_vectors/term_vector_consumer.rs:780:42
[INFO] [stdout]     |
[INFO] [stdout] 780 |                 if !self.base.bytes_hash.get_ref().is_empty() {
[INFO] [stdout]     |                                          ^^^^^^^ method not found in `MaybeUninit<bytes_ref_hash::BytesRefHash>`
[INFO] [stdout] 
[INFO] [stdout] 
[INFO] [stdout] error[E0599]: no method named `get_mut` found for union `MaybeUninit<bytes_ref_hash::BytesRefHash>` in the current scope
[INFO] [stdout]    --> src/core/codec/term_vectors/term_vector_consumer.rs:705:34
[INFO] [stdout]     |
[INFO] [stdout] 705 |             self.base.bytes_hash.get_mut().clear(false);
[INFO] [stdout]     |                                  ^^^^^^^ method not found in `MaybeUninit<bytes_ref_hash::BytesRefHash>`
[INFO] [stdout]     |
[INFO] [stdout]     = help: items from traits can only be used if the trait is implemented and in scope
[INFO] [stdout] note: `codec::doc_values::NumericDocValues` defines an item `get_mut`, perhaps you need to implement it
[INFO] [stdout]    --> src/core/codec/doc_values/mod.rs:61:1
[INFO] [stdout]     |
[INFO] [stdout] 61  | pub trait NumericDocValues: Send + Sync {
[INFO] [stdout]     | ^^^^^^^^^^^^^^^^^^^^^^^^^^^^^^^^^^^^^^^
[INFO] [stdout] 
[INFO] [stdout] 
[INFO] [stdout] error[E0599]: no method named `get_mut` found for union `MaybeUninit<bytes_ref_hash::BytesRefHash>` in the current scope
[INFO] [stdout]    --> src/core/codec/term_vectors/term_vector_consumer.rs:787:38
[INFO] [stdout]     |
[INFO] [stdout] 787 |                 self.base.bytes_hash.get_mut().reinit();
[INFO] [stdout]     |                                      ^^^^^^^ method not found in `MaybeUninit<bytes_ref_hash::BytesRefHash>`
[INFO] [stdout]     |
[INFO] [stdout]     = help: items from traits can only be used if the trait is implemented and in scope
[INFO] [stdout] note: `codec::doc_values::NumericDocValues` defines an item `get_mut`, perhaps you need to implement it
[INFO] [stdout]    --> src/core/codec/doc_values/mod.rs:61:1
[INFO] [stdout]     |
[INFO] [stdout] 61  | pub trait NumericDocValues: Send + Sync {
[INFO] [stdout]     | ^^^^^^^^^^^^^^^^^^^^^^^^^^^^^^^^^^^^^^^
[INFO] [stdout] 
[INFO] [stdout] 
[INFO] [stdout] error[E0599]: no method named `get_ref` found for union `MaybeUninit<bytes_ref_hash::BytesRefHash>` in the current scope
[INFO] [stdout]    --> src/core/codec/term_vectors/term_vector_consumer.rs:780:42
[INFO] [stdout]     |
[INFO] [stdout] 780 |                 if !self.base.bytes_hash.get_ref().is_empty() {
[INFO] [stdout]     |                                          ^^^^^^^ method not found in `MaybeUninit<bytes_ref_hash::BytesRefHash>`
[INFO] [stdout] 
[INFO] [stdout] 
[INFO] [stdout] error[E0599]: no method named `get_ref` found for union `MaybeUninit<bytes_ref_hash::BytesRefHash>` in the current scope
[INFO] [stdout]    --> src/core/codec/term_vectors/term_vector_consumer.rs:868:62
[INFO] [stdout]     |
[INFO] [stdout] 868 |         if self.do_vectors && unsafe { !self.base.bytes_hash.get_ref().is_empty() } {
[INFO] [stdout]     |                                                              ^^^^^^^ method not found in `MaybeUninit<bytes_ref_hash::BytesRefHash>`
[INFO] [stdout] 
[INFO] [stdout] 
[INFO] [stdout] error[E0599]: no method named `get_mut` found for union `MaybeUninit<bytes_ref_hash::BytesRefHash>` in the current scope
[INFO] [stdout]    --> src/core/codec/term_vectors/term_vector_consumer.rs:787:38
[INFO] [stdout]     |
[INFO] [stdout] 787 |                 self.base.bytes_hash.get_mut().reinit();
[INFO] [stdout]     |                                      ^^^^^^^ method not found in `MaybeUninit<bytes_ref_hash::BytesRefHash>`
[INFO] [stdout]     |
[INFO] [stdout]     = help: items from traits can only be used if the trait is implemented and in scope
[INFO] [stdout] note: `codec::doc_values::NumericDocValues` defines an item `get_mut`, perhaps you need to implement it
[INFO] [stdout]    --> src/core/codec/doc_values/mod.rs:61:1
[INFO] [stdout]     |
[INFO] [stdout] 61  | pub trait NumericDocValues: Send + Sync {
[INFO] [stdout]     | ^^^^^^^^^^^^^^^^^^^^^^^^^^^^^^^^^^^^^^^
[INFO] [stdout] 
[INFO] [stdout] 
[INFO] [stdout] error[E0599]: no method named `get_ref` found for union `MaybeUninit<bytes_ref_hash::BytesRefHash>` in the current scope
[INFO] [stdout]    --> src/core/codec/term_vectors/term_vector_consumer.rs:868:62
[INFO] [stdout]     |
[INFO] [stdout] 868 |         if self.do_vectors && unsafe { !self.base.bytes_hash.get_ref().is_empty() } {
[INFO] [stdout]     |                                                              ^^^^^^^ method not found in `MaybeUninit<bytes_ref_hash::BytesRefHash>`
[INFO] [stdout] 
[INFO] [stdout] 
[INFO] [stdout] warning: use of deprecated associated function `std::vec::Vec::<T>::remove_item`: Removing the first item equal to a needle is already easily possible with iterators and the current Vec methods. Furthermore, having a method for one particular case of removal (linear search, only the first item, no swap remove) but not for others is inconsistent. This method will be removed soon.
[INFO] [stdout]     --> src/core/index/writer/index_writer.rs:2793:36
[INFO] [stdout]      |
[INFO] [stdout] 2793 |                     merge.segments.remove_item(info);
[INFO] [stdout]      |                                    ^^^^^^^^^^^
[INFO] [stdout] 
[INFO] [stdout] 
[INFO] [stdout] warning: use of deprecated associated function `std::vec::Vec::<T>::remove_item`: Removing the first item equal to a needle is already easily possible with iterators and the current Vec methods. Furthermore, having a method for one particular case of removal (linear search, only the first item, no swap remove) but not for others is inconsistent. This method will be removed soon.
[INFO] [stdout]     --> src/core/index/writer/index_writer.rs:2793:36
[INFO] [stdout]      |
[INFO] [stdout] 2793 |                     merge.segments.remove_item(info);
[INFO] [stdout]      |                                    ^^^^^^^^^^^
[INFO] [stdout] 
[INFO] [stdout] 
[INFO] [stdout] error[E0599]: no method named `get_mut` found for union `MaybeUninit<doc_consumer::DocConsumer<D, C, MS, MP>>` in the current scope
[INFO] [stdout]    --> src/core/index/writer/doc_writer_per_thread.rs:173:27
[INFO] [stdout]     |
[INFO] [stdout] 173 |             self.consumer.get_mut().init();
[INFO] [stdout]     |                           ^^^^^^^ method not found in `MaybeUninit<doc_consumer::DocConsumer<D, C, MS, MP>>`
[INFO] [stdout]     |
[INFO] [stdout]     = help: items from traits can only be used if the trait is implemented and in scope
[INFO] [stdout] note: `codec::doc_values::NumericDocValues` defines an item `get_mut`, perhaps you need to implement it
[INFO] [stdout]    --> src/core/codec/doc_values/mod.rs:61:1
[INFO] [stdout]     |
[INFO] [stdout] 61  | pub trait NumericDocValues: Send + Sync {
[INFO] [stdout]     | ^^^^^^^^^^^^^^^^^^^^^^^^^^^^^^^^^^^^^^^
[INFO] [stdout] 
[INFO] [stdout] 
[INFO] [stdout] error[E0599]: no method named `get_mut` found for union `MaybeUninit<doc_consumer::DocConsumer<D, C, MS, MP>>` in the current scope
[INFO] [stdout]    --> src/core/index/writer/doc_writer_per_thread.rs:219:18
[INFO] [stdout]     |
[INFO] [stdout] 219 |                 .get_mut()
[INFO] [stdout]     |                  ^^^^^^^ method not found in `MaybeUninit<doc_consumer::DocConsumer<D, C, MS, MP>>`
[INFO] [stdout]     |
[INFO] [stdout]     = help: items from traits can only be used if the trait is implemented and in scope
[INFO] [stdout] note: `codec::doc_values::NumericDocValues` defines an item `get_mut`, perhaps you need to implement it
[INFO] [stdout]    --> src/core/codec/doc_values/mod.rs:61:1
[INFO] [stdout]     |
[INFO] [stdout] 61  | pub trait NumericDocValues: Send + Sync {
[INFO] [stdout]     | ^^^^^^^^^^^^^^^^^^^^^^^^^^^^^^^^^^^^^^^
[INFO] [stdout] 
[INFO] [stdout] 
[INFO] [stdout] error[E0599]: no method named `get_mut` found for union `MaybeUninit<doc_consumer::DocConsumer<D, C, MS, MP>>` in the current scope
[INFO] [stdout]    --> src/core/index/writer/doc_writer_per_thread.rs:279:22
[INFO] [stdout]     |
[INFO] [stdout] 279 |                     .get_mut()
[INFO] [stdout]     |                      ^^^^^^^ method not found in `MaybeUninit<doc_consumer::DocConsumer<D, C, MS, MP>>`
[INFO] [stdout]     |
[INFO] [stdout]     = help: items from traits can only be used if the trait is implemented and in scope
[INFO] [stdout] note: `codec::doc_values::NumericDocValues` defines an item `get_mut`, perhaps you need to implement it
[INFO] [stdout]    --> src/core/codec/doc_values/mod.rs:61:1
[INFO] [stdout]     |
[INFO] [stdout] 61  | pub trait NumericDocValues: Send + Sync {
[INFO] [stdout]     | ^^^^^^^^^^^^^^^^^^^^^^^^^^^^^^^^^^^^^^^
[INFO] [stdout] 
[INFO] [stdout] 
[INFO] [stdout] error[E0599]: no method named `get_ref` found for union `MaybeUninit<doc_consumer::DocConsumer<D, C, MS, MP>>` in the current scope
[INFO] [stdout]    --> src/core/index/writer/doc_writer_per_thread.rs:393:36
[INFO] [stdout]     |
[INFO] [stdout] 393 |             unsafe { self.consumer.get_ref().field_infos.finish()? },
[INFO] [stdout]     |                                    ^^^^^^^ method not found in `MaybeUninit<doc_consumer::DocConsumer<D, C, MS, MP>>`
[INFO] [stdout] 
[INFO] [stdout] 
[INFO] [stdout] error[E0599]: no method named `get_mut` found for union `MaybeUninit<doc_consumer::DocConsumer<D, C, MS, MP>>` in the current scope
[INFO] [stdout]    --> src/core/index/writer/doc_writer_per_thread.rs:443:27
[INFO] [stdout]     |
[INFO] [stdout] 443 |             self.consumer.get_mut().reset_doc_writer(doc_writer);
[INFO] [stdout]     |                           ^^^^^^^ method not found in `MaybeUninit<doc_consumer::DocConsumer<D, C, MS, MP>>`
[INFO] [stdout]     |
[INFO] [stdout]     = help: items from traits can only be used if the trait is implemented and in scope
[INFO] [stdout] note: `codec::doc_values::NumericDocValues` defines an item `get_mut`, perhaps you need to implement it
[INFO] [stdout]    --> src/core/codec/doc_values/mod.rs:61:1
[INFO] [stdout]     |
[INFO] [stdout] 61  | pub trait NumericDocValues: Send + Sync {
[INFO] [stdout]     | ^^^^^^^^^^^^^^^^^^^^^^^^^^^^^^^^^^^^^^^
[INFO] [stdout] 
[INFO] [stdout] 
[INFO] [stdout] error[E0599]: no method named `get_mut` found for union `MaybeUninit<doc_consumer::DocConsumer<D, C, MS, MP>>` in the current scope
[INFO] [stdout]    --> src/core/index/writer/doc_writer_per_thread.rs:444:27
[INFO] [stdout]     |
[INFO] [stdout] 444 |             self.consumer.get_mut().init();
[INFO] [stdout]     |                           ^^^^^^^ method not found in `MaybeUninit<doc_consumer::DocConsumer<D, C, MS, MP>>`
[INFO] [stdout]     |
[INFO] [stdout]     = help: items from traits can only be used if the trait is implemented and in scope
[INFO] [stdout] note: `codec::doc_values::NumericDocValues` defines an item `get_mut`, perhaps you need to implement it
[INFO] [stdout]    --> src/core/codec/doc_values/mod.rs:61:1
[INFO] [stdout]     |
[INFO] [stdout] 61  | pub trait NumericDocValues: Send + Sync {
[INFO] [stdout]     | ^^^^^^^^^^^^^^^^^^^^^^^^^^^^^^^^^^^^^^^
[INFO] [stdout] 
[INFO] [stdout] 
[INFO] [stdout] error[E0599]: no method named `get_mut` found for union `MaybeUninit<doc_consumer::DocConsumer<D, C, MS, MP>>` in the current scope
[INFO] [stdout]    --> src/core/index/writer/doc_writer_per_thread.rs:447:47
[INFO] [stdout]     |
[INFO] [stdout] 447 |         let sort_map = unsafe { self.consumer.get_mut().flush(&mut flush_state)? };
[INFO] [stdout]     |                                               ^^^^^^^ method not found in `MaybeUninit<doc_consumer::DocConsumer<D, C, MS, MP>>`
[INFO] [stdout]     |
[INFO] [stdout]     = help: items from traits can only be used if the trait is implemented and in scope
[INFO] [stdout] note: `codec::doc_values::NumericDocValues` defines an item `get_mut`, perhaps you need to implement it
[INFO] [stdout]    --> src/core/codec/doc_values/mod.rs:61:1
[INFO] [stdout]     |
[INFO] [stdout] 61  | pub trait NumericDocValues: Send + Sync {
[INFO] [stdout]     | ^^^^^^^^^^^^^^^^^^^^^^^^^^^^^^^^^^^^^^^
[INFO] [stdout] 
[INFO] [stdout] 
[INFO] [stdout] error[E0599]: no method named `get_mut` found for union `MaybeUninit<doc_consumer::DocConsumer<D, C, MS, MP>>` in the current scope
[INFO] [stdout]    --> src/core/index/writer/doc_writer_per_thread.rs:173:27
[INFO] [stdout]     |
[INFO] [stdout] 173 |             self.consumer.get_mut().init();
[INFO] [stdout]     |                           ^^^^^^^ method not found in `MaybeUninit<doc_consumer::DocConsumer<D, C, MS, MP>>`
[INFO] [stdout]     |
[INFO] [stdout]     = help: items from traits can only be used if the trait is implemented and in scope
[INFO] [stdout] note: `codec::doc_values::NumericDocValues` defines an item `get_mut`, perhaps you need to implement it
[INFO] [stdout]    --> src/core/codec/doc_values/mod.rs:61:1
[INFO] [stdout]     |
[INFO] [stdout] 61  | pub trait NumericDocValues: Send + Sync {
[INFO] [stdout]     | ^^^^^^^^^^^^^^^^^^^^^^^^^^^^^^^^^^^^^^^
[INFO] [stdout] 
[INFO] [stdout] 
[INFO] [stdout] error[E0599]: no method named `get_mut` found for union `MaybeUninit<doc_consumer::DocConsumer<D, C, MS, MP>>` in the current scope
[INFO] [stdout]    --> src/core/index/writer/doc_writer_per_thread.rs:219:18
[INFO] [stdout]     |
[INFO] [stdout] 219 |                 .get_mut()
[INFO] [stdout]     |                  ^^^^^^^ method not found in `MaybeUninit<doc_consumer::DocConsumer<D, C, MS, MP>>`
[INFO] [stdout]     |
[INFO] [stdout]     = help: items from traits can only be used if the trait is implemented and in scope
[INFO] [stdout] note: `codec::doc_values::NumericDocValues` defines an item `get_mut`, perhaps you need to implement it
[INFO] [stdout]    --> src/core/codec/doc_values/mod.rs:61:1
[INFO] [stdout]     |
[INFO] [stdout] 61  | pub trait NumericDocValues: Send + Sync {
[INFO] [stdout]     | ^^^^^^^^^^^^^^^^^^^^^^^^^^^^^^^^^^^^^^^
[INFO] [stdout] 
[INFO] [stdout] 
[INFO] [stdout] error[E0599]: no method named `get_mut` found for union `MaybeUninit<doc_consumer::DocConsumer<D, C, MS, MP>>` in the current scope
[INFO] [stdout]    --> src/core/index/writer/doc_writer_per_thread.rs:591:43
[INFO] [stdout]     |
[INFO] [stdout] 591 |             if let Err(e) = self.consumer.get_mut().abort() {
[INFO] [stdout]     |                                           ^^^^^^^ method not found in `MaybeUninit<doc_consumer::DocConsumer<D, C, MS, MP>>`
[INFO] [stdout]     |
[INFO] [stdout]     = help: items from traits can only be used if the trait is implemented and in scope
[INFO] [stdout] note: `codec::doc_values::NumericDocValues` defines an item `get_mut`, perhaps you need to implement it
[INFO] [stdout]    --> src/core/codec/doc_values/mod.rs:61:1
[INFO] [stdout]     |
[INFO] [stdout] 61  | pub trait NumericDocValues: Send + Sync {
[INFO] [stdout]     | ^^^^^^^^^^^^^^^^^^^^^^^^^^^^^^^^^^^^^^^
[INFO] [stdout] 
[INFO] [stdout] 
[INFO] [stdout] error[E0599]: no method named `get_mut` found for union `MaybeUninit<doc_consumer::DocConsumer<D, C, MS, MP>>` in the current scope
[INFO] [stdout]    --> src/core/index/writer/doc_writer_per_thread.rs:279:22
[INFO] [stdout]     |
[INFO] [stdout] 279 |                     .get_mut()
[INFO] [stdout]     |                      ^^^^^^^ method not found in `MaybeUninit<doc_consumer::DocConsumer<D, C, MS, MP>>`
[INFO] [stdout]     |
[INFO] [stdout]     = help: items from traits can only be used if the trait is implemented and in scope
[INFO] [stdout] note: `codec::doc_values::NumericDocValues` defines an item `get_mut`, perhaps you need to implement it
[INFO] [stdout]    --> src/core/codec/doc_values/mod.rs:61:1
[INFO] [stdout]     |
[INFO] [stdout] 61  | pub trait NumericDocValues: Send + Sync {
[INFO] [stdout]     | ^^^^^^^^^^^^^^^^^^^^^^^^^^^^^^^^^^^^^^^
[INFO] [stdout] 
[INFO] [stdout] 
[INFO] [stdout] error[E0599]: no method named `get_ref` found for union `MaybeUninit<doc_consumer::DocConsumer<D, C, MS, MP>>` in the current scope
[INFO] [stdout]    --> src/core/index/writer/doc_writer_per_thread.rs:393:36
[INFO] [stdout]     |
[INFO] [stdout] 393 |             unsafe { self.consumer.get_ref().field_infos.finish()? },
[INFO] [stdout]     |                                    ^^^^^^^ method not found in `MaybeUninit<doc_consumer::DocConsumer<D, C, MS, MP>>`
[INFO] [stdout] 
[INFO] [stdout] 
[INFO] [stdout] error[E0599]: no method named `get_mut` found for union `MaybeUninit<doc_consumer::DocConsumer<D, C, MS, MP>>` in the current scope
[INFO] [stdout]    --> src/core/index/writer/doc_writer_per_thread.rs:443:27
[INFO] [stdout]     |
[INFO] [stdout] 443 |             self.consumer.get_mut().reset_doc_writer(doc_writer);
[INFO] [stdout]     |                           ^^^^^^^ method not found in `MaybeUninit<doc_consumer::DocConsumer<D, C, MS, MP>>`
[INFO] [stdout]     |
[INFO] [stdout]     = help: items from traits can only be used if the trait is implemented and in scope
[INFO] [stdout] note: `codec::doc_values::NumericDocValues` defines an item `get_mut`, perhaps you need to implement it
[INFO] [stdout]    --> src/core/codec/doc_values/mod.rs:61:1
[INFO] [stdout]     |
[INFO] [stdout] 61  | pub trait NumericDocValues: Send + Sync {
[INFO] [stdout]     | ^^^^^^^^^^^^^^^^^^^^^^^^^^^^^^^^^^^^^^^
[INFO] [stdout] 
[INFO] [stdout] 
[INFO] [stdout] error[E0599]: no method named `get_mut` found for union `MaybeUninit<doc_consumer::DocConsumer<D, C, MS, MP>>` in the current scope
[INFO] [stdout]    --> src/core/index/writer/doc_writer_per_thread.rs:444:27
[INFO] [stdout]     |
[INFO] [stdout] 444 |             self.consumer.get_mut().init();
[INFO] [stdout]     |                           ^^^^^^^ method not found in `MaybeUninit<doc_consumer::DocConsumer<D, C, MS, MP>>`
[INFO] [stdout]     |
[INFO] [stdout]     = help: items from traits can only be used if the trait is implemented and in scope
[INFO] [stdout] note: `codec::doc_values::NumericDocValues` defines an item `get_mut`, perhaps you need to implement it
[INFO] [stdout]    --> src/core/codec/doc_values/mod.rs:61:1
[INFO] [stdout]     |
[INFO] [stdout] 61  | pub trait NumericDocValues: Send + Sync {
[INFO] [stdout]     | ^^^^^^^^^^^^^^^^^^^^^^^^^^^^^^^^^^^^^^^
[INFO] [stdout] 
[INFO] [stdout] 
[INFO] [stdout] error[E0599]: no method named `get_mut` found for union `MaybeUninit<doc_consumer::DocConsumer<D, C, MS, MP>>` in the current scope
[INFO] [stdout]    --> src/core/index/writer/doc_writer_per_thread.rs:447:47
[INFO] [stdout]     |
[INFO] [stdout] 447 |         let sort_map = unsafe { self.consumer.get_mut().flush(&mut flush_state)? };
[INFO] [stdout]     |                                               ^^^^^^^ method not found in `MaybeUninit<doc_consumer::DocConsumer<D, C, MS, MP>>`
[INFO] [stdout]     |
[INFO] [stdout]     = help: items from traits can only be used if the trait is implemented and in scope
[INFO] [stdout] note: `codec::doc_values::NumericDocValues` defines an item `get_mut`, perhaps you need to implement it
[INFO] [stdout]    --> src/core/codec/doc_values/mod.rs:61:1
[INFO] [stdout]     |
[INFO] [stdout] 61  | pub trait NumericDocValues: Send + Sync {
[INFO] [stdout]     | ^^^^^^^^^^^^^^^^^^^^^^^^^^^^^^^^^^^^^^^
[INFO] [stdout] 
[INFO] [stdout] 
[INFO] [stdout] error[E0599]: no method named `get_mut` found for union `MaybeUninit<doc_consumer::DocConsumer<D, C, MS, MP>>` in the current scope
[INFO] [stdout]    --> src/core/index/writer/doc_writer_per_thread.rs:591:43
[INFO] [stdout]     |
[INFO] [stdout] 591 |             if let Err(e) = self.consumer.get_mut().abort() {
[INFO] [stdout]     |                                           ^^^^^^^ method not found in `MaybeUninit<doc_consumer::DocConsumer<D, C, MS, MP>>`
[INFO] [stdout]     |
[INFO] [stdout]     = help: items from traits can only be used if the trait is implemented and in scope
[INFO] [stdout] note: `codec::doc_values::NumericDocValues` defines an item `get_mut`, perhaps you need to implement it
[INFO] [stdout]    --> src/core/codec/doc_values/mod.rs:61:1
[INFO] [stdout]     |
[INFO] [stdout] 61  | pub trait NumericDocValues: Send + Sync {
[INFO] [stdout]     | ^^^^^^^^^^^^^^^^^^^^^^^^^^^^^^^^^^^^^^^
[INFO] [stdout] 
[INFO] [stdout] 
[INFO] [stdout] error[E0599]: no method named `get_ref` found for union `MaybeUninit<span::ConjunctionSpanBase<P>>` in the current scope
[INFO] [stdout]    --> src/core/search/query/spans/span_near.rs:426:40
[INFO] [stdout]     |
[INFO] [stdout] 426 |         unsafe { self.conjunction_span.get_ref() }
[INFO] [stdout]     |                                        ^^^^^^^ method not found in `MaybeUninit<span::ConjunctionSpanBase<P>>`
[INFO] [stdout] 
[INFO] [stdout] 
[INFO] [stdout] error[E0599]: no method named `get_mut` found for union `MaybeUninit<span::ConjunctionSpanBase<P>>` in the current scope
[INFO] [stdout]    --> src/core/search/query/spans/span_near.rs:430:40
[INFO] [stdout]     |
[INFO] [stdout] 430 |         unsafe { self.conjunction_span.get_mut() }
[INFO] [stdout]     |                                        ^^^^^^^ method not found in `MaybeUninit<span::ConjunctionSpanBase<P>>`
[INFO] [stdout]     |
[INFO] [stdout]     = help: items from traits can only be used if the trait is implemented and in scope
[INFO] [stdout] note: `codec::doc_values::NumericDocValues` defines an item `get_mut`, perhaps you need to implement it
[INFO] [stdout]    --> src/core/codec/doc_values/mod.rs:61:1
[INFO] [stdout]     |
[INFO] [stdout] 61  | pub trait NumericDocValues: Send + Sync {
[INFO] [stdout]     | ^^^^^^^^^^^^^^^^^^^^^^^^^^^^^^^^^^^^^^^
[INFO] [stdout] 
[INFO] [stdout] 
[INFO] [stdout] error[E0599]: no method named `get_mut` found for union `MaybeUninit<span::ConjunctionSpanBase<P>>` in the current scope
[INFO] [stdout]    --> src/core/search/query/spans/span_near.rs:439:43
[INFO] [stdout]     |
[INFO] [stdout] 439 |                     self.conjunction_span.get_mut().first_in_current_doc = true;
[INFO] [stdout]     |                                           ^^^^^^^ method not found in `MaybeUninit<span::ConjunctionSpanBase<P>>`
[INFO] [stdout]     |
[INFO] [stdout]     = help: items from traits can only be used if the trait is implemented and in scope
[INFO] [stdout] note: `codec::doc_values::NumericDocValues` defines an item `get_mut`, perhaps you need to implement it
[INFO] [stdout]    --> src/core/codec/doc_values/mod.rs:61:1
[INFO] [stdout]     |
[INFO] [stdout] 61  | pub trait NumericDocValues: Send + Sync {
[INFO] [stdout]     | ^^^^^^^^^^^^^^^^^^^^^^^^^^^^^^^^^^^^^^^
[INFO] [stdout] 
[INFO] [stdout] 
[INFO] [stdout] error[E0599]: no method named `get_mut` found for union `MaybeUninit<span::ConjunctionSpanBase<P>>` in the current scope
[INFO] [stdout]    --> src/core/search/query/spans/span_near.rs:440:43
[INFO] [stdout]     |
[INFO] [stdout] 440 |                     self.conjunction_span.get_mut().one_exhausted_in_current_doc = false;
[INFO] [stdout]     |                                           ^^^^^^^ method not found in `MaybeUninit<span::ConjunctionSpanBase<P>>`
[INFO] [stdout]     |
[INFO] [stdout]     = help: items from traits can only be used if the trait is implemented and in scope
[INFO] [stdout] note: `codec::doc_values::NumericDocValues` defines an item `get_mut`, perhaps you need to implement it
[INFO] [stdout]    --> src/core/codec/doc_values/mod.rs:61:1
[INFO] [stdout]     |
[INFO] [stdout] 61  | pub trait NumericDocValues: Send + Sync {
[INFO] [stdout]     | ^^^^^^^^^^^^^^^^^^^^^^^^^^^^^^^^^^^^^^^
[INFO] [stdout] 
[INFO] [stdout] 
[INFO] [stdout] error[E0599]: no method named `get_ref` found for union `MaybeUninit<span::ConjunctionSpanBase<P>>` in the current scope
[INFO] [stdout]    --> src/core/search/query/spans/span_near.rs:458:38
[INFO] [stdout]     |
[INFO] [stdout] 458 |             if self.conjunction_span.get_ref().first_in_current_doc {
[INFO] [stdout]     |                                      ^^^^^^^ method not found in `MaybeUninit<span::ConjunctionSpanBase<P>>`
[INFO] [stdout] 
[INFO] [stdout] 
[INFO] [stdout] error[E0599]: no method named `get_mut` found for union `MaybeUninit<span::ConjunctionSpanBase<P>>` in the current scope
[INFO] [stdout]    --> src/core/search/query/spans/span_near.rs:459:39
[INFO] [stdout]     |
[INFO] [stdout] 459 |                 self.conjunction_span.get_mut().first_in_current_doc = false;
[INFO] [stdout]     |                                       ^^^^^^^ method not found in `MaybeUninit<span::ConjunctionSpanBase<P>>`
[INFO] [stdout]     |
[INFO] [stdout]     = help: items from traits can only be used if the trait is implemented and in scope
[INFO] [stdout] note: `codec::doc_values::NumericDocValues` defines an item `get_mut`, perhaps you need to implement it
[INFO] [stdout]    --> src/core/codec/doc_values/mod.rs:61:1
[INFO] [stdout]     |
[INFO] [stdout] 61  | pub trait NumericDocValues: Send + Sync {
[INFO] [stdout]     | ^^^^^^^^^^^^^^^^^^^^^^^^^^^^^^^^^^^^^^^
[INFO] [stdout] 
[INFO] [stdout] 
[INFO] [stdout] error[E0599]: no method named `get_mut` found for union `MaybeUninit<span::ConjunctionSpanBase<P>>` in the current scope
[INFO] [stdout]    --> src/core/search/query/spans/span_near.rs:483:43
[INFO] [stdout]     |
[INFO] [stdout] 483 |                     self.conjunction_span.get_mut().one_exhausted_in_current_doc = true;
[INFO] [stdout]     |                                           ^^^^^^^ method not found in `MaybeUninit<span::ConjunctionSpanBase<P>>`
[INFO] [stdout]     |
[INFO] [stdout]     = help: items from traits can only be used if the trait is implemented and in scope
[INFO] [stdout] note: `codec::doc_values::NumericDocValues` defines an item `get_mut`, perhaps you need to implement it
[INFO] [stdout]    --> src/core/codec/doc_values/mod.rs:61:1
[INFO] [stdout]     |
[INFO] [stdout] 61  | pub trait NumericDocValues: Send + Sync {
[INFO] [stdout]     | ^^^^^^^^^^^^^^^^^^^^^^^^^^^^^^^^^^^^^^^
[INFO] [stdout] 
[INFO] [stdout] 
[INFO] [stdout] error[E0599]: no method named `get_ref` found for union `MaybeUninit<span::ConjunctionSpanBase<P>>` in the current scope
[INFO] [stdout]    --> src/core/search/query/spans/span_near.rs:495:38
[INFO] [stdout]     |
[INFO] [stdout] 495 |             if self.conjunction_span.get_ref().first_in_current_doc {
[INFO] [stdout]     |                                      ^^^^^^^ method not found in `MaybeUninit<span::ConjunctionSpanBase<P>>`
[INFO] [stdout] 
[INFO] [stdout] 
[INFO] [stdout] error[E0599]: no method named `get_ref` found for union `MaybeUninit<span::ConjunctionSpanBase<P>>` in the current scope
[INFO] [stdout]    --> src/core/search/query/spans/span_near.rs:497:45
[INFO] [stdout]     |
[INFO] [stdout] 497 |             } else if self.conjunction_span.get_ref().one_exhausted_in_current_doc {
[INFO] [stdout]     |                                             ^^^^^^^ method not found in `MaybeUninit<span::ConjunctionSpanBase<P>>`
[INFO] [stdout] 
[INFO] [stdout] 
[INFO] [stdout] error[E0599]: no method named `get_ref` found for union `MaybeUninit<span::ConjunctionSpanBase<P>>` in the current scope
[INFO] [stdout]    --> src/core/search/query/spans/span_near.rs:507:38
[INFO] [stdout]     |
[INFO] [stdout] 507 |             if self.conjunction_span.get_ref().first_in_current_doc {
[INFO] [stdout]     |                                      ^^^^^^^ method not found in `MaybeUninit<span::ConjunctionSpanBase<P>>`
[INFO] [stdout] 
[INFO] [stdout] 
[INFO] [stdout] error[E0599]: no method named `get_ref` found for union `MaybeUninit<span::ConjunctionSpanBase<P>>` in the current scope
[INFO] [stdout]    --> src/core/search/query/spans/span_near.rs:509:45
[INFO] [stdout]     |
[INFO] [stdout] 509 |             } else if self.conjunction_span.get_ref().one_exhausted_in_current_doc {
[INFO] [stdout]     |                                             ^^^^^^^ method not found in `MaybeUninit<span::ConjunctionSpanBase<P>>`
[INFO] [stdout] 
[INFO] [stdout] 
[INFO] [stdout] error[E0599]: no method named `get_ref` found for union `MaybeUninit<span::ConjunctionSpanBase<P>>` in the current scope
[INFO] [stdout]    --> src/core/search/query/spans/span_near.rs:426:40
[INFO] [stdout]     |
[INFO] [stdout] 426 |         unsafe { self.conjunction_span.get_ref() }
[INFO] [stdout]     |                                        ^^^^^^^ method not found in `MaybeUninit<span::ConjunctionSpanBase<P>>`
[INFO] [stdout] 
[INFO] [stdout] 
[INFO] [stdout] error[E0599]: no method named `get_mut` found for union `MaybeUninit<span::ConjunctionSpanBase<P>>` in the current scope
[INFO] [stdout]    --> src/core/search/query/spans/span_near.rs:430:40
[INFO] [stdout]     |
[INFO] [stdout] 430 |         unsafe { self.conjunction_span.get_mut() }
[INFO] [stdout]     |                                        ^^^^^^^ method not found in `MaybeUninit<span::ConjunctionSpanBase<P>>`
[INFO] [stdout]     |
[INFO] [stdout]     = help: items from traits can only be used if the trait is implemented and in scope
[INFO] [stdout] note: `codec::doc_values::NumericDocValues` defines an item `get_mut`, perhaps you need to implement it
[INFO] [stdout]    --> src/core/codec/doc_values/mod.rs:61:1
[INFO] [stdout]     |
[INFO] [stdout] 61  | pub trait NumericDocValues: Send + Sync {
[INFO] [stdout]     | ^^^^^^^^^^^^^^^^^^^^^^^^^^^^^^^^^^^^^^^
[INFO] [stdout] 
[INFO] [stdout] 
[INFO] [stdout] error[E0599]: no method named `get_mut` found for union `MaybeUninit<span::ConjunctionSpanBase<P>>` in the current scope
[INFO] [stdout]    --> src/core/search/query/spans/span_near.rs:439:43
[INFO] [stdout]     |
[INFO] [stdout] 439 |                     self.conjunction_span.get_mut().first_in_current_doc = true;
[INFO] [stdout]     |                                           ^^^^^^^ method not found in `MaybeUninit<span::ConjunctionSpanBase<P>>`
[INFO] [stdout]     |
[INFO] [stdout]     = help: items from traits can only be used if the trait is implemented and in scope
[INFO] [stdout] note: `codec::doc_values::NumericDocValues` defines an item `get_mut`, perhaps you need to implement it
[INFO] [stdout]    --> src/core/codec/doc_values/mod.rs:61:1
[INFO] [stdout]     |
[INFO] [stdout] 61  | pub trait NumericDocValues: Send + Sync {
[INFO] [stdout]     | ^^^^^^^^^^^^^^^^^^^^^^^^^^^^^^^^^^^^^^^
[INFO] [stdout] 
[INFO] [stdout] 
[INFO] [stdout] error[E0599]: no method named `get_mut` found for union `MaybeUninit<span::ConjunctionSpanBase<P>>` in the current scope
[INFO] [stdout]    --> src/core/search/query/spans/span_near.rs:440:43
[INFO] [stdout]     |
[INFO] [stdout] 440 |                     self.conjunction_span.get_mut().one_exhausted_in_current_doc = false;
[INFO] [stdout]     |                                           ^^^^^^^ method not found in `MaybeUninit<span::ConjunctionSpanBase<P>>`
[INFO] [stdout]     |
[INFO] [stdout]     = help: items from traits can only be used if the trait is implemented and in scope
[INFO] [stdout] note: `codec::doc_values::NumericDocValues` defines an item `get_mut`, perhaps you need to implement it
[INFO] [stdout]    --> src/core/codec/doc_values/mod.rs:61:1
[INFO] [stdout]     |
[INFO] [stdout] 61  | pub trait NumericDocValues: Send + Sync {
[INFO] [stdout]     | ^^^^^^^^^^^^^^^^^^^^^^^^^^^^^^^^^^^^^^^
[INFO] [stdout] 
[INFO] [stdout] 
[INFO] [stdout] error[E0599]: no method named `get_ref` found for union `MaybeUninit<span::ConjunctionSpanBase<P>>` in the current scope
[INFO] [stdout]    --> src/core/search/query/spans/span_near.rs:458:38
[INFO] [stdout]     |
[INFO] [stdout] 458 |             if self.conjunction_span.get_ref().first_in_current_doc {
[INFO] [stdout]     |                                      ^^^^^^^ method not found in `MaybeUninit<span::ConjunctionSpanBase<P>>`
[INFO] [stdout] 
[INFO] [stdout] 
[INFO] [stdout] error[E0599]: no method named `get_mut` found for union `MaybeUninit<span::ConjunctionSpanBase<P>>` in the current scope
[INFO] [stdout]    --> src/core/search/query/spans/span_near.rs:459:39
[INFO] [stdout]     |
[INFO] [stdout] 459 |                 self.conjunction_span.get_mut().first_in_current_doc = false;
[INFO] [stdout]     |                                       ^^^^^^^ method not found in `MaybeUninit<span::ConjunctionSpanBase<P>>`
[INFO] [stdout]     |
[INFO] [stdout]     = help: items from traits can only be used if the trait is implemented and in scope
[INFO] [stdout] note: `codec::doc_values::NumericDocValues` defines an item `get_mut`, perhaps you need to implement it
[INFO] [stdout]    --> src/core/codec/doc_values/mod.rs:61:1
[INFO] [stdout]     |
[INFO] [stdout] 61  | pub trait NumericDocValues: Send + Sync {
[INFO] [stdout]     | ^^^^^^^^^^^^^^^^^^^^^^^^^^^^^^^^^^^^^^^
[INFO] [stdout] 
[INFO] [stdout] 
[INFO] [stdout] error[E0599]: no method named `get_mut` found for union `MaybeUninit<span::ConjunctionSpanBase<P>>` in the current scope
[INFO] [stdout]    --> src/core/search/query/spans/span_near.rs:483:43
[INFO] [stdout]     |
[INFO] [stdout] 483 |                     self.conjunction_span.get_mut().one_exhausted_in_current_doc = true;
[INFO] [stdout]     |                                           ^^^^^^^ method not found in `MaybeUninit<span::ConjunctionSpanBase<P>>`
[INFO] [stdout]     |
[INFO] [stdout]     = help: items from traits can only be used if the trait is implemented and in scope
[INFO] [stdout] note: `codec::doc_values::NumericDocValues` defines an item `get_mut`, perhaps you need to implement it
[INFO] [stdout]    --> src/core/codec/doc_values/mod.rs:61:1
[INFO] [stdout]     |
[INFO] [stdout] 61  | pub trait NumericDocValues: Send + Sync {
[INFO] [stdout]     | ^^^^^^^^^^^^^^^^^^^^^^^^^^^^^^^^^^^^^^^
[INFO] [stdout] 
[INFO] [stdout] 
[INFO] [stdout] error[E0599]: no method named `get_ref` found for union `MaybeUninit<span::ConjunctionSpanBase<P>>` in the current scope
[INFO] [stdout]    --> src/core/search/query/spans/span_near.rs:495:38
[INFO] [stdout]     |
[INFO] [stdout] 495 |             if self.conjunction_span.get_ref().first_in_current_doc {
[INFO] [stdout]     |                                      ^^^^^^^ method not found in `MaybeUninit<span::ConjunctionSpanBase<P>>`
[INFO] [stdout] 
[INFO] [stdout] 
[INFO] [stdout] error[E0599]: no method named `get_ref` found for union `MaybeUninit<span::ConjunctionSpanBase<P>>` in the current scope
[INFO] [stdout]    --> src/core/search/query/spans/span_near.rs:497:45
[INFO] [stdout]     |
[INFO] [stdout] 497 |             } else if self.conjunction_span.get_ref().one_exhausted_in_current_doc {
[INFO] [stdout]     |                                             ^^^^^^^ method not found in `MaybeUninit<span::ConjunctionSpanBase<P>>`
[INFO] [stdout] 
[INFO] [stdout] 
[INFO] [stdout] error[E0599]: no method named `get_ref` found for union `MaybeUninit<span::ConjunctionSpanBase<P>>` in the current scope
[INFO] [stdout]    --> src/core/search/query/spans/span_near.rs:507:38
[INFO] [stdout]     |
[INFO] [stdout] 507 |             if self.conjunction_span.get_ref().first_in_current_doc {
[INFO] [stdout]     |                                      ^^^^^^^ method not found in `MaybeUninit<span::ConjunctionSpanBase<P>>`
[INFO] [stdout] 
[INFO] [stdout] 
[INFO] [stdout] error[E0599]: no method named `get_ref` found for union `MaybeUninit<span::ConjunctionSpanBase<P>>` in the current scope
[INFO] [stdout]    --> src/core/search/query/spans/span_near.rs:509:45
[INFO] [stdout]     |
[INFO] [stdout] 509 |             } else if self.conjunction_span.get_ref().one_exhausted_in_current_doc {
[INFO] [stdout]     |                                             ^^^^^^^ method not found in `MaybeUninit<span::ConjunctionSpanBase<P>>`
[INFO] [stdout] 
[INFO] [stdout] 
[INFO] [stdout] error: aborting due to 45 previous errors; 18 warnings emitted
[INFO] [stdout] 
[INFO] [stdout] 
[INFO] [stdout] For more information about this error, try `rustc --explain E0599`.
[INFO] [stdout] 
[INFO] [stderr] error: could not compile `rucene`.
[INFO] [stderr] 
[INFO] [stderr] To learn more, run the command again with --verbose.
[INFO] [stderr] warning: build failed, waiting for other jobs to finish...
[INFO] [stdout] error: aborting due to 45 previous errors; 18 warnings emitted
[INFO] [stdout] 
[INFO] [stdout] 
[INFO] [stdout] For more information about this error, try `rustc --explain E0599`.
[INFO] [stdout] 
[INFO] [stderr] error: build failed
[INFO] running `Command { std: "docker" "inspect" "091b44f38499d7b0b357480557824fee6c9e87696ae86bf5487c9d878f04e5ea", kill_on_drop: false }`
[INFO] running `Command { std: "docker" "rm" "-f" "091b44f38499d7b0b357480557824fee6c9e87696ae86bf5487c9d878f04e5ea", kill_on_drop: false }`
[INFO] [stdout] 091b44f38499d7b0b357480557824fee6c9e87696ae86bf5487c9d878f04e5ea
